Last updated on 2024-06-04 19:47:57 CEST.
Flavor | Version | Tinstall | Tcheck | Ttotal | Status | Flags |
---|---|---|---|---|---|---|
r-devel-linux-x86_64-debian-clang | 1.1.0-0 | 38.61 | 30.54 | 69.15 | NOTE | |
r-devel-linux-x86_64-debian-gcc | 1.1.0-0 | 29.10 | 25.49 | 54.59 | NOTE | |
r-devel-linux-x86_64-fedora-clang | 1.1.0-0 | 96.07 | NOTE | |||
r-devel-linux-x86_64-fedora-gcc | 1.1.0-0 | 109.94 | NOTE | |||
r-devel-windows-x86_64 | 1.1.0-0 | 32.00 | 67.00 | 99.00 | NOTE | |
r-patched-linux-x86_64 | 1.1.0-0 | 37.95 | 32.14 | 70.09 | NOTE | |
r-release-linux-x86_64 | 1.1.0-0 | 37.54 | 31.11 | 68.65 | NOTE | |
r-release-macos-arm64 | 1.1.0-0 | 29.00 | NOTE | |||
r-release-windows-x86_64 | 1.1.0-0 | 31.00 | 64.00 | 95.00 | NOTE | |
r-oldrel-macos-arm64 | 1.1.0-0 | 32.00 | NOTE | |||
r-oldrel-macos-x86_64 | 1.1.0-0 | 48.00 | NOTE | |||
r-oldrel-windows-x86_64 | 1.1.0-0 | 40.00 | 72.00 | 112.00 | NOTE |
Version: 1.1.0-0
Check: C++ specification
Result: NOTE
Specified C++11: please drop specification unless essential
Flavors: r-devel-linux-x86_64-debian-clang, r-devel-linux-x86_64-debian-gcc, r-devel-linux-x86_64-fedora-clang, r-devel-linux-x86_64-fedora-gcc, r-devel-windows-x86_64, r-patched-linux-x86_64, r-release-linux-x86_64, r-release-macos-arm64, r-release-windows-x86_64, r-oldrel-macos-arm64, r-oldrel-macos-x86_64, r-oldrel-windows-x86_64
Version: 1.1.0-0
Check: installed package size
Result: NOTE
installed size is 9.2Mb
sub-directories of 1Mb or more:
libs 9.0Mb
Flavors: r-release-macos-arm64, r-oldrel-macos-arm64, r-oldrel-macos-x86_64