Last updated on 2025-05-14 08:52:09 CEST.
Flavor | Version | Tinstall | Tcheck | Ttotal | Status | Flags |
---|---|---|---|---|---|---|
r-devel-linux-x86_64-debian-clang | 0.0.2 | 4.26 | 135.26 | 139.52 | NOTE | |
r-devel-linux-x86_64-debian-gcc | 0.0.2 | 3.09 | 82.51 | 85.60 | NOTE | |
r-devel-linux-x86_64-fedora-clang | 0.0.2 | 214.55 | OK | |||
r-devel-linux-x86_64-fedora-gcc | 0.0.2 | 220.85 | OK | |||
r-devel-windows-x86_64 | 0.0.2 | 7.00 | 137.00 | 144.00 | OK | |
r-patched-linux-x86_64 | 0.0.2 | 4.52 | 126.57 | 131.09 | OK | |
r-release-linux-x86_64 | 0.0.2 | 4.46 | 126.95 | 131.41 | OK | |
r-release-macos-arm64 | 0.0.2 | 64.00 | OK | |||
r-release-macos-x86_64 | 0.0.2 | 159.00 | OK | |||
r-release-windows-x86_64 | 0.0.2 | 7.00 | 140.00 | 147.00 | OK | |
r-oldrel-macos-arm64 | 0.0.2 | 67.00 | NOTE | |||
r-oldrel-macos-x86_64 | 0.0.2 | 131.00 | NOTE | |||
r-oldrel-windows-x86_64 | 0.0.2 | 8.00 | 188.00 | 196.00 | NOTE |
Version: 0.0.2
Check: CRAN incoming feasibility
Result: NOTE
Maintainer: ‘Sam Wilks <sw463@cam.ac.uk>’
No Authors@R field in DESCRIPTION.
Please add one, modifying
Authors@R: person(given = "Sam",
family = "Wilks",
role = c("aut", "cre"),
email = "sw463@cam.ac.uk")
as necessary.
Flavors: r-devel-linux-x86_64-debian-clang, r-devel-linux-x86_64-debian-gcc
Version: 0.0.2
Check: installed package size
Result: NOTE
installed size is 7.3Mb
sub-directories of 1Mb or more:
doc 5.3Mb
htmlwidgets 1.8Mb
Flavors: r-oldrel-macos-arm64, r-oldrel-macos-x86_64, r-oldrel-windows-x86_64