Last updated on 2024-06-04 19:47:58 CEST.
Flavor | Version | Tinstall | Tcheck | Ttotal | Status | Flags |
---|---|---|---|---|---|---|
r-devel-linux-x86_64-debian-clang | 0.54.1 | 10.20 | 81.44 | 91.64 | NOTE | |
r-devel-linux-x86_64-debian-gcc | 0.54.1 | 9.84 | 59.32 | 69.16 | NOTE | |
r-devel-linux-x86_64-fedora-clang | 0.54.1 | 117.28 | NOTE | |||
r-devel-linux-x86_64-fedora-gcc | 0.54.1 | 109.29 | NOTE | |||
r-devel-windows-x86_64 | 0.54.1 | 13.00 | 85.00 | 98.00 | NOTE | |
r-patched-linux-x86_64 | 0.54.1 | 13.31 | 78.04 | 91.35 | NOTE | |
r-release-linux-x86_64 | 0.54.1 | 9.33 | 76.16 | 85.49 | NOTE | |
r-release-macos-arm64 | 0.54.1 | 31.00 | NOTE | |||
r-release-macos-x86_64 | 0.54.1 | 67.00 | NOTE | |||
r-release-windows-x86_64 | 0.54.1 | 12.00 | 85.00 | 97.00 | NOTE | |
r-oldrel-macos-arm64 | 0.54.1 | 37.00 | NOTE | |||
r-oldrel-macos-x86_64 | 0.54.1 | 95.00 | NOTE | |||
r-oldrel-windows-x86_64 | 0.54.1 | 13.00 | 100.00 | 113.00 | NOTE |
Version: 0.54.1
Check: package subdirectories
Result: NOTE
Problems with news in ‘NEWS.md’:
No news entries found.
Flavors: r-devel-linux-x86_64-debian-clang, r-devel-linux-x86_64-debian-gcc, r-devel-linux-x86_64-fedora-clang, r-devel-linux-x86_64-fedora-gcc, r-devel-windows-x86_64, r-patched-linux-x86_64, r-release-linux-x86_64, r-release-macos-arm64, r-release-macos-x86_64, r-release-windows-x86_64, r-oldrel-macos-arm64, r-oldrel-macos-x86_64, r-oldrel-windows-x86_64