Last updated on 2024-06-04 19:47:58 CEST.
Flavor | Version | Tinstall | Tcheck | Ttotal | Status | Flags |
---|---|---|---|---|---|---|
r-devel-linux-x86_64-debian-clang | 0.1.0 | 1.60 | 43.34 | 44.94 | NOTE | |
r-devel-linux-x86_64-debian-gcc | 0.1.0 | 1.47 | 31.88 | 33.35 | NOTE | |
r-devel-linux-x86_64-fedora-clang | 0.1.0 | 57.76 | NOTE | |||
r-devel-linux-x86_64-fedora-gcc | 0.1.0 | 65.52 | NOTE | |||
r-devel-windows-x86_64 | 0.1.0 | 3.00 | 51.00 | 54.00 | NOTE | |
r-patched-linux-x86_64 | 0.1.0 | 1.50 | 41.61 | 43.11 | NOTE | |
r-release-linux-x86_64 | 0.1.0 | 2.15 | 40.76 | 42.91 | NOTE | |
r-release-macos-arm64 | 0.1.0 | 26.00 | NOTE | |||
r-release-windows-x86_64 | 0.1.0 | 3.00 | 51.00 | 54.00 | NOTE | |
r-oldrel-macos-arm64 | 0.1.0 | 25.00 | OK | |||
r-oldrel-macos-x86_64 | 0.1.0 | 39.00 | OK | |||
r-oldrel-windows-x86_64 | 0.1.0 | 2.00 | 57.00 | 59.00 | OK |
Version: 0.1.0
Check: Rd files
Result: NOTE
checkRd: (-1) Ghana_2021_school_attendance.Rd:75: Lost braces in \itemize; meant \describe ?
checkRd: (-1) Ghana_2021_school_attendance_geometry.Rd:75: Lost braces in \itemize; meant \describe ?
Flavors: r-devel-linux-x86_64-debian-clang, r-devel-linux-x86_64-debian-gcc, r-devel-linux-x86_64-fedora-clang, r-devel-linux-x86_64-fedora-gcc, r-devel-windows-x86_64, r-patched-linux-x86_64, r-release-linux-x86_64, r-release-macos-arm64, r-release-windows-x86_64