Last updated on 2025-02-17 08:51:01 CET.
Flavor | Version | Tinstall | Tcheck | Ttotal | Status | Flags |
---|---|---|---|---|---|---|
r-devel-linux-x86_64-debian-clang | 1.0.0 | 5.57 | 45.73 | 51.30 | OK | |
r-devel-linux-x86_64-debian-gcc | 1.0.0 | 3.93 | 32.95 | 36.88 | OK | |
r-devel-linux-x86_64-fedora-clang | 1.0.0 | 83.19 | OK | |||
r-devel-linux-x86_64-fedora-gcc | 1.0.0 | 75.01 | OK | |||
r-devel-macos-arm64 | 1.0.0 | 28.00 | OK | |||
r-devel-macos-x86_64 | 1.0.0 | 45.00 | OK | |||
r-devel-windows-x86_64 | 1.0.0 | 7.00 | 68.00 | 75.00 | OK | |
r-patched-linux-x86_64 | 1.0.0 | 5.36 | 42.37 | 47.73 | NOTE | |
r-release-linux-x86_64 | 1.0.0 | 5.27 | 41.55 | 46.82 | NOTE | |
r-release-macos-arm64 | 1.0.0 | 27.00 | NOTE | |||
r-release-macos-x86_64 | 1.0.0 | 39.00 | NOTE | |||
r-release-windows-x86_64 | 1.0.0 | 8.00 | 61.00 | 69.00 | NOTE | |
r-oldrel-macos-arm64 | 1.0.0 | 25.00 | NOTE | |||
r-oldrel-macos-x86_64 | 1.0.0 | 41.00 | NOTE | |||
r-oldrel-windows-x86_64 | 1.0.0 | 8.00 | 96.00 | 104.00 | NOTE |
Version: 1.0.0
Check: LazyData
Result: NOTE
'LazyData' is specified without a 'data' directory
Flavors: r-patched-linux-x86_64, r-release-linux-x86_64, r-release-macos-arm64, r-release-macos-x86_64, r-release-windows-x86_64, r-oldrel-macos-arm64, r-oldrel-macos-x86_64, r-oldrel-windows-x86_64