Last updated on 2024-06-04 19:47:58 CEST.
Flavor | Version | Tinstall | Tcheck | Ttotal | Status | Flags |
---|---|---|---|---|---|---|
r-devel-linux-x86_64-debian-clang | 1.0.1 | 231.87 | 418.85 | 650.72 | NOTE | |
r-devel-linux-x86_64-debian-gcc | 1.0.1 | 169.40 | 295.45 | 464.85 | NOTE | |
r-devel-linux-x86_64-fedora-clang | 1.0.1 | 794.65 | NOTE | |||
r-devel-linux-x86_64-fedora-gcc | 1.0.1 | 788.43 | NOTE | |||
r-devel-windows-x86_64 | 1.0.1 | 174.00 | 297.00 | 471.00 | NOTE | |
r-patched-linux-x86_64 | 1.0.1 | 159.29 | 400.31 | 559.60 | NOTE | |
r-release-linux-x86_64 | 1.0.1 | 157.82 | 397.02 | 554.84 | NOTE | |
r-release-macos-arm64 | 1.0.1 | 184.00 | NOTE | |||
r-release-macos-x86_64 | 1.0.1 | 410.00 | NOTE | |||
r-release-windows-x86_64 | 1.0.1 | 176.00 | 297.00 | 473.00 | NOTE | |
r-oldrel-macos-arm64 | 1.0.1 | 200.00 | NOTE | |||
r-oldrel-macos-x86_64 | 1.0.1 | 429.00 | NOTE | |||
r-oldrel-windows-x86_64 | 1.0.1 | 224.00 | 400.00 | 624.00 | NOTE |
Version: 1.0.1
Check: package dependencies
Result: NOTE
Package suggested but not available for checking: ‘gurobi’
Flavors: r-devel-linux-x86_64-debian-clang, r-devel-linux-x86_64-debian-gcc, r-devel-linux-x86_64-fedora-clang, r-devel-linux-x86_64-fedora-gcc, r-devel-windows-x86_64, r-patched-linux-x86_64, r-release-linux-x86_64, r-release-macos-arm64, r-release-macos-x86_64, r-release-windows-x86_64, r-oldrel-macos-arm64, r-oldrel-macos-x86_64, r-oldrel-windows-x86_64
Version: 1.0.1
Check: installed package size
Result: NOTE
installed size is 7.3Mb
sub-directories of 1Mb or more:
doc 1.7Mb
extdata 4.2Mb
Flavors: r-devel-linux-x86_64-fedora-clang, r-devel-windows-x86_64, r-release-macos-arm64, r-release-macos-x86_64, r-release-windows-x86_64, r-oldrel-macos-arm64, r-oldrel-macos-x86_64, r-oldrel-windows-x86_64