Last updated on 2025-02-06 19:49:33 CET.
Flavor | Version | Tinstall | Tcheck | Ttotal | Status | Flags |
---|---|---|---|---|---|---|
r-devel-linux-x86_64-debian-clang | 0.3.2 | 2.62 | 59.12 | 61.74 | NOTE | |
r-devel-linux-x86_64-debian-gcc | 0.3.2 | 1.82 | 42.10 | 43.92 | NOTE | |
r-devel-linux-x86_64-fedora-clang | 0.3.2 | 97.81 | NOTE | |||
r-devel-linux-x86_64-fedora-gcc | 0.3.2 | 106.76 | NOTE | |||
r-devel-windows-x86_64 | 0.3.2 | 5.00 | 80.00 | 85.00 | NOTE | |
r-patched-linux-x86_64 | 0.3.2 | 2.63 | 55.74 | 58.37 | OK | |
r-release-linux-x86_64 | 0.3.2 | 2.12 | 55.78 | 57.90 | OK | |
r-release-macos-arm64 | 0.3.2 | 42.00 | OK | |||
r-release-macos-x86_64 | 0.3.2 | 95.00 | OK | |||
r-release-windows-x86_64 | 0.3.2 | 5.00 | 73.00 | 78.00 | OK | |
r-oldrel-macos-arm64 | 0.3.0 | 57.00 | OK | |||
r-oldrel-macos-x86_64 | 0.3.0 | 107.00 | OK | |||
r-oldrel-windows-x86_64 | 0.3.2 | 5.00 | 84.00 | 89.00 | OK |
Version: 0.3.2
Check: DESCRIPTION meta-information
Result: NOTE
Missing dependency on R >= 4.1.0 because package code uses the pipe
|> or function shorthand \(...) syntax added in R 4.1.0.
File(s) using such syntax:
‘gg_CD_local.R’ ‘gg_PIT_local.R’
Flavors: r-devel-linux-x86_64-debian-clang, r-devel-linux-x86_64-debian-gcc, r-devel-linux-x86_64-fedora-clang, r-devel-linux-x86_64-fedora-gcc, r-devel-windows-x86_64