Last updated on 2024-06-04 19:47:58 CEST.
Flavor | Version | Tinstall | Tcheck | Ttotal | Status | Flags |
---|---|---|---|---|---|---|
r-devel-linux-x86_64-debian-clang | 1.0.17-18 | 17.27 | 89.50 | 106.77 | NOTE | |
r-devel-linux-x86_64-debian-gcc | 1.0.17-18 | 12.73 | 64.85 | 77.58 | NOTE | |
r-devel-linux-x86_64-fedora-clang | 1.0.17-18 | 132.51 | NOTE | |||
r-devel-linux-x86_64-fedora-gcc | 1.0.17-18 | 135.71 | NOTE | |||
r-devel-windows-x86_64 | 1.0.17-18 | 35.00 | 237.00 | 272.00 | NOTE | |
r-patched-linux-x86_64 | 1.0.17-18 | 18.84 | 84.56 | 103.40 | OK | |
r-release-linux-x86_64 | 1.0.17-18 | 15.01 | 84.51 | 99.52 | OK | |
r-release-macos-arm64 | 1.0.17-18 | 46.00 | OK | |||
r-release-macos-x86_64 | 1.0.17-18 | 131.00 | OK | |||
r-release-windows-x86_64 | 1.0.17-18 | 31.00 | 221.00 | 252.00 | NOTE | |
r-oldrel-macos-arm64 | 1.0.17-18 | 57.00 | OK | |||
r-oldrel-macos-x86_64 | 1.0.17-18 | 95.00 | OK | |||
r-oldrel-windows-x86_64 | 1.0.17-18 | 39.00 | 249.00 | 288.00 | NOTE |
Version: 1.0.17-18
Check: compiled code
Result: NOTE
File ‘redland/libs/redland.so’:
Found non-API call to R: ‘SET_S4_OBJECT’
Compiled code should not call non-API entry points in R.
See ‘Writing portable packages’ in the ‘Writing R Extensions’ manual.
Flavors: r-devel-linux-x86_64-debian-clang, r-devel-linux-x86_64-debian-gcc, r-devel-linux-x86_64-fedora-clang, r-devel-linux-x86_64-fedora-gcc
Version: 1.0.17-18
Check: installed package size
Result: NOTE
installed size is 12.7Mb
sub-directories of 1Mb or more:
libs 11.7Mb
Flavors: r-devel-windows-x86_64, r-release-windows-x86_64, r-oldrel-windows-x86_64
Version: 1.0.17-18
Check: compiled code
Result: NOTE
File 'redland/libs/x64/redland.dll':
Found non-API call to R: 'SET_S4_OBJECT'
Compiled code should not call non-API entry points in R.
See 'Writing portable packages' in the 'Writing R Extensions' manual.
Flavor: r-devel-windows-x86_64