Last updated on 2025-02-25 08:52:05 CET.
Flavor | Version | Tinstall | Tcheck | Ttotal | Status | Flags |
---|---|---|---|---|---|---|
r-devel-linux-x86_64-debian-clang | 1.0 | 2.64 | 47.87 | 50.51 | OK | |
r-devel-linux-x86_64-debian-gcc | 1.0 | 1.96 | 34.38 | 36.34 | OK | |
r-devel-linux-x86_64-fedora-clang | 1.0 | 80.32 | OK | |||
r-devel-linux-x86_64-fedora-gcc | 1.0 | 92.68 | OK | |||
r-devel-macos-arm64 | 1.0 | 32.00 | OK | |||
r-devel-macos-x86_64 | 1.0 | 69.00 | OK | |||
r-devel-windows-x86_64 | 1.0 | 4.00 | 68.00 | 72.00 | OK | |
r-patched-linux-x86_64 | 1.0 | 2.88 | 45.43 | 48.31 | NOTE | |
r-release-linux-x86_64 | 1.0 | 2.43 | 45.47 | 47.90 | NOTE | |
r-release-macos-arm64 | 1.0 | 34.00 | NOTE | |||
r-release-macos-x86_64 | 1.0 | 67.00 | NOTE | |||
r-release-windows-x86_64 | 1.0 | 4.00 | 69.00 | 73.00 | NOTE | |
r-oldrel-macos-arm64 | 1.0 | NOTE | ||||
r-oldrel-macos-x86_64 | 1.0 | 60.00 | NOTE | |||
r-oldrel-windows-x86_64 | 1.0 | 4.00 | 77.00 | 81.00 | NOTE |
Version: 1.0
Check: LazyData
Result: NOTE
'LazyData' is specified without a 'data' directory
Flavors: r-patched-linux-x86_64, r-release-linux-x86_64, r-release-macos-arm64, r-release-macos-x86_64, r-release-windows-x86_64, r-oldrel-macos-arm64, r-oldrel-macos-x86_64, r-oldrel-windows-x86_64