Last updated on 2024-06-04 19:47:58 CEST.
Flavor | Version | Tinstall | Tcheck | Ttotal | Status | Flags |
---|---|---|---|---|---|---|
r-devel-linux-x86_64-debian-clang | 0.1.0 | 2.82 | 21.58 | 24.40 | OK | |
r-devel-linux-x86_64-debian-gcc | 0.1.0 | 2.61 | 17.18 | 19.79 | OK | |
r-devel-linux-x86_64-fedora-clang | 0.1.0 | 32.29 | NOTE | |||
r-devel-linux-x86_64-fedora-gcc | 0.1.0 | 30.79 | NOTE | |||
r-devel-windows-x86_64 | 0.1.0 | 3.00 | 35.00 | 38.00 | OK | |
r-patched-linux-x86_64 | 0.1.0 | 3.43 | 21.88 | 25.31 | OK | |
r-release-linux-x86_64 | 0.1.0 | 3.24 | 21.62 | 24.86 | OK | |
r-release-macos-arm64 | 0.1.0 | 14.00 | OK | |||
r-release-windows-x86_64 | 0.1.0 | 4.00 | 36.00 | 40.00 | OK | |
r-oldrel-macos-arm64 | 0.1.0 | 18.00 | OK | |||
r-oldrel-macos-x86_64 | 0.1.0 | 21.00 | OK | |||
r-oldrel-windows-x86_64 | 0.1.0 | 5.00 | 37.00 | 42.00 | OK |
Version: 0.1.0
Check: data for non-ASCII characters
Result: NOTE
Note: found 6034 marked UTF-8 strings
Flavors: r-devel-linux-x86_64-fedora-clang, r-devel-linux-x86_64-fedora-gcc