Last updated on 2025-05-14 08:52:11 CEST.
Flavor | Version | Tinstall | Tcheck | Ttotal | Status | Flags |
---|---|---|---|---|---|---|
r-devel-linux-x86_64-debian-clang | 1.1.3 | 11.07 | 94.53 | 105.60 | NOTE | |
r-devel-linux-x86_64-debian-gcc | 1.1.3 | 7.53 | 67.45 | 74.98 | NOTE | |
r-devel-linux-x86_64-fedora-clang | 1.1.3 | 155.74 | NOTE | |||
r-devel-linux-x86_64-fedora-gcc | 1.1.3 | 179.87 | NOTE | |||
r-devel-windows-x86_64 | 1.1.3 | 16.00 | 107.00 | 123.00 | NOTE | |
r-patched-linux-x86_64 | 1.1.3 | 11.06 | 85.81 | 96.87 | NOTE | |
r-release-linux-x86_64 | 1.1.3 | 10.37 | 85.50 | 95.87 | NOTE | |
r-release-macos-arm64 | 1.1.3 | 54.00 | NOTE | |||
r-release-macos-x86_64 | 1.1.3 | 168.00 | NOTE | |||
r-release-windows-x86_64 | 1.1.3 | 14.00 | 109.00 | 123.00 | NOTE | |
r-oldrel-macos-arm64 | 1.1.3 | 58.00 | NOTE | |||
r-oldrel-macos-x86_64 | 1.1.3 | 89.00 | NOTE | |||
r-oldrel-windows-x86_64 | 1.1.3 | 17.00 | 131.00 | 148.00 | NOTE |
Version: 1.1.3
Check: Rd files
Result: NOTE
checkRd: (-1) update_tidy_omic.Rd:16-17: Lost braces
16 | in \code{updated_tidy_data} (names) and the table {features, samples,
| ^
Flavors: r-devel-linux-x86_64-debian-clang, r-devel-linux-x86_64-debian-gcc, r-devel-linux-x86_64-fedora-clang, r-devel-linux-x86_64-fedora-gcc, r-devel-windows-x86_64, r-patched-linux-x86_64, r-release-linux-x86_64, r-release-macos-arm64, r-release-macos-x86_64, r-release-windows-x86_64, r-oldrel-macos-arm64, r-oldrel-macos-x86_64, r-oldrel-windows-x86_64