Last updated on 2025-05-12 08:52:22 CEST.
Flavor | Version | Tinstall | Tcheck | Ttotal | Status | Flags |
---|---|---|---|---|---|---|
r-devel-linux-x86_64-debian-clang | 1.6.6.1 | 204.54 | 160.01 | 364.55 | OK | |
r-devel-linux-x86_64-debian-gcc | 1.6.6.1 | 143.94 | 112.79 | 256.73 | OK | |
r-devel-linux-x86_64-fedora-clang | 1.6.7 | 616.65 | OK | |||
r-devel-linux-x86_64-fedora-gcc | 1.6.7 | 735.82 | OK | |||
r-devel-windows-x86_64 | 1.6.6.1 | 210.00 | 246.00 | 456.00 | OK | |
r-patched-linux-x86_64 | 1.6.6.1 | 198.79 | 154.93 | 353.72 | OK | |
r-release-linux-x86_64 | 1.6.6.1 | 202.21 | 153.34 | 355.55 | OK | |
r-release-macos-arm64 | 1.6.7 | 165.00 | OK | |||
r-release-macos-x86_64 | 1.6.7 | 298.00 | ERROR | |||
r-release-windows-x86_64 | 1.6.6.1 | 156.00 | 234.00 | 390.00 | OK | |
r-oldrel-macos-arm64 | 1.6.7 | 179.00 | NOTE | |||
r-oldrel-macos-x86_64 | 1.6.7 | 325.00 | NOTE | |||
r-oldrel-windows-x86_64 | 1.6.6.1 | 251.00 | 278.00 | 529.00 | NOTE |
Version: 1.6.7
Check: whether package can be installed
Result: ERROR
Installation failed.
Flavor: r-release-macos-x86_64
Version: 1.6.7
Check: installed package size
Result: NOTE
installed size is 24.2Mb
sub-directories of 1Mb or more:
libs 21.2Mb
Flavors: r-oldrel-macos-arm64, r-oldrel-macos-x86_64
Version: 1.6.6.1
Check: installed package size
Result: NOTE
installed size is 18.2Mb
sub-directories of 1Mb or more:
libs 2.3Mb
Flavor: r-oldrel-windows-x86_64