Last updated on 2025-02-07 08:51:34 CET.
Flavor | Version | Tinstall | Tcheck | Ttotal | Status | Flags |
---|---|---|---|---|---|---|
r-devel-linux-x86_64-debian-clang | 0.1.8 | 3.23 | 26.30 | 29.53 | OK | |
r-devel-linux-x86_64-debian-gcc | 0.1.8 | 2.21 | 20.30 | 22.51 | OK | |
r-devel-linux-x86_64-fedora-clang | 0.1.8 | 48.94 | OK | |||
r-devel-linux-x86_64-fedora-gcc | 0.1.8 | 44.57 | OK | |||
r-devel-windows-x86_64 | 0.1.8 | 5.00 | 62.00 | 67.00 | OK | |
r-patched-linux-x86_64 | 0.1.8 | 3.73 | 25.32 | 29.05 | NOTE | |
r-release-linux-x86_64 | 0.1.8 | 3.15 | 24.99 | 28.14 | NOTE | |
r-release-macos-arm64 | 0.1.8 | 19.00 | NOTE | |||
r-release-macos-x86_64 | 0.1.8 | 30.00 | NOTE | |||
r-release-windows-x86_64 | 0.1.8 | 5.00 | 65.00 | 70.00 | NOTE | |
r-oldrel-macos-arm64 | 0.1.8 | 19.00 | NOTE | |||
r-oldrel-macos-x86_64 | 0.1.8 | 26.00 | NOTE | |||
r-oldrel-windows-x86_64 | 0.1.8 | 5.00 | 55.00 | 60.00 | NOTE |
Version: 0.1.8
Check: LazyData
Result: NOTE
'LazyData' is specified without a 'data' directory
Flavors: r-patched-linux-x86_64, r-release-linux-x86_64, r-release-macos-arm64, r-release-macos-x86_64, r-release-windows-x86_64, r-oldrel-macos-arm64, r-oldrel-macos-x86_64, r-oldrel-windows-x86_64