Last updated on 2024-06-04 19:48:01 CEST.
Flavor | Version | Tinstall | Tcheck | Ttotal | Status | Flags |
---|---|---|---|---|---|---|
r-devel-linux-x86_64-debian-clang | 1.2.0 | 5.06 | 64.15 | 69.21 | NOTE | |
r-devel-linux-x86_64-debian-gcc | 1.2.0 | 5.82 | 47.67 | 53.49 | NOTE | |
r-devel-linux-x86_64-fedora-clang | 1.2.0 | 87.86 | NOTE | |||
r-devel-linux-x86_64-fedora-gcc | 1.2.0 | 83.14 | NOTE | |||
r-devel-windows-x86_64 | 1.2.0 | 7.00 | 63.00 | 70.00 | NOTE | |
r-patched-linux-x86_64 | 1.2.0 | 8.29 | 60.20 | 68.49 | NOTE | |
r-release-linux-x86_64 | 1.2.0 | 7.92 | 60.53 | 68.45 | NOTE | |
r-release-macos-arm64 | 1.2.0 | 27.00 | NOTE | |||
r-release-windows-x86_64 | 1.2.0 | 7.00 | 64.00 | 71.00 | NOTE | |
r-oldrel-macos-arm64 | 1.2.0 | 31.00 | NOTE | |||
r-oldrel-macos-x86_64 | 1.2.0 | 48.00 | NOTE | |||
r-oldrel-windows-x86_64 | 1.2.0 | 8.00 | 73.00 | 81.00 | NOTE |
Version: 1.2.0
Check: LazyData
Result: NOTE
'LazyData' is specified without a 'data' directory
Flavors: r-devel-linux-x86_64-debian-clang, r-devel-linux-x86_64-debian-gcc, r-devel-linux-x86_64-fedora-clang, r-devel-linux-x86_64-fedora-gcc, r-devel-windows-x86_64, r-patched-linux-x86_64, r-release-linux-x86_64, r-release-macos-arm64, r-release-windows-x86_64, r-oldrel-macos-arm64, r-oldrel-macos-x86_64, r-oldrel-windows-x86_64