CRAN Package Check Results for Package sand

Last updated on 2025-05-10 19:51:08 CEST.

Flavor Version Tinstall Tcheck Ttotal Status Flags
r-devel-linux-x86_64-debian-clang 2.0.0 3.04 28.42 31.46 OK
r-devel-linux-x86_64-debian-gcc 2.0.0 2.13 22.13 24.26 OK
r-devel-linux-x86_64-fedora-clang 2.0.0 55.80 OK
r-devel-linux-x86_64-fedora-gcc 2.0.0 51.76 OK
r-devel-windows-x86_64 2.0.0 4.00 50.00 54.00 OK
r-patched-linux-x86_64 2.0.0 3.09 27.44 30.53 OK
r-release-linux-x86_64 2.0.0 2.74 26.99 29.73 OK
r-release-macos-arm64 2.0.0 23.00 OK
r-release-macos-x86_64 2.0.0 47.00 OK
r-release-windows-x86_64 2.0.0 4.00 50.00 54.00 OK
r-oldrel-macos-arm64 2.0.0 20.00 NOTE
r-oldrel-macos-x86_64 2.0.0 35.00 NOTE
r-oldrel-windows-x86_64 2.0.0 6.00 57.00 63.00 NOTE

Check Details

Version: 2.0.0
Check: package dependencies
Result: NOTE Packages suggested but not available for checking: 'networkTomography', 'org.Sc.sgd.db' Flavors: r-oldrel-macos-arm64, r-oldrel-macos-x86_64

Version: 2.0.0
Check: package dependencies
Result: NOTE Package suggested but not available for checking: 'networkTomography' Flavor: r-oldrel-windows-x86_64