Last updated on 2025-05-14 08:52:12 CEST.
Flavor | Version | Tinstall | Tcheck | Ttotal | Status | Flags |
---|---|---|---|---|---|---|
r-devel-linux-x86_64-debian-clang | 1.2.5 | 7.06 | 93.25 | 100.31 | NOTE | |
r-devel-linux-x86_64-debian-gcc | 1.2.5 | 4.23 | 70.96 | 75.19 | NOTE | |
r-devel-linux-x86_64-fedora-clang | 1.2.5 | 153.27 | OK | |||
r-devel-linux-x86_64-fedora-gcc | 1.2.5 | 177.76 | OK | |||
r-devel-windows-x86_64 | 1.2.5 | 8.00 | 111.00 | 119.00 | OK | |
r-patched-linux-x86_64 | 1.2.5 | 6.31 | 87.45 | 93.76 | OK | |
r-release-linux-x86_64 | 1.2.5 | 4.53 | 87.39 | 91.92 | OK | |
r-release-macos-arm64 | 1.2.5 | 68.00 | OK | |||
r-release-macos-x86_64 | 1.2.5 | 105.00 | OK | |||
r-release-windows-x86_64 | 1.2.5 | 7.00 | 112.00 | 119.00 | OK | |
r-oldrel-macos-arm64 | 1.2.5 | 80.00 | NOTE | |||
r-oldrel-macos-x86_64 | 1.2.5 | 107.00 | NOTE | |||
r-oldrel-windows-x86_64 | 1.2.5 | 10.00 | 132.00 | 142.00 | NOTE |
Version: 1.2.5
Check: CRAN incoming feasibility
Result: NOTE
Maintainer: ‘David Bosak <dbosak01@gmail.com>’
No Authors@R field in DESCRIPTION.
Please add one, modifying
Authors@R: c(person(given = c("David", "J."),
family = "Bosak",
role = "aut"),
person(given = "David",
family = "Bosak",
role = "cre",
email = "dbosak01@gmail.com"))
as necessary.
Flavors: r-devel-linux-x86_64-debian-clang, r-devel-linux-x86_64-debian-gcc
Version: 1.2.5
Check: installed package size
Result: NOTE
installed size is 6.3Mb
sub-directories of 1Mb or more:
doc 5.1Mb
extdata 1.1Mb
Flavors: r-oldrel-macos-arm64, r-oldrel-macos-x86_64, r-oldrel-windows-x86_64