Last updated on 2024-06-04 19:47:59 CEST.
Flavor | Version | Tinstall | Tcheck | Ttotal | Status | Flags |
---|---|---|---|---|---|---|
r-devel-linux-x86_64-debian-clang | 1.0.4 | 72.10 | 264.36 | 336.46 | OK | |
r-devel-linux-x86_64-debian-gcc | 1.0.4 | 55.28 | 198.70 | 253.98 | OK | |
r-devel-linux-x86_64-fedora-clang | 1.0.4 | 460.67 | NOTE | |||
r-devel-linux-x86_64-fedora-gcc | 1.0.4 | 323.67 | NOTE | |||
r-devel-windows-x86_64 | 1.0.4 | 65.00 | 224.00 | 289.00 | OK | |
r-patched-linux-x86_64 | 1.0.4 | 65.45 | 257.26 | 322.71 | OK | |
r-release-linux-x86_64 | 1.0.4 | 64.68 | 262.90 | 327.58 | OK | |
r-release-macos-arm64 | 1.0.4 | 109.00 | OK | |||
r-release-macos-x86_64 | 1.0.4 | 194.00 | OK | |||
r-release-windows-x86_64 | 1.0.4 | 63.00 | 232.00 | 295.00 | OK | |
r-oldrel-macos-arm64 | 1.0.4 | 126.00 | NOTE | |||
r-oldrel-macos-x86_64 | 1.0.4 | 202.00 | NOTE | |||
r-oldrel-windows-x86_64 | 1.0.4 | 80.00 | 287.00 | 367.00 | OK |
Version: 1.0.4
Check: package dependencies
Result: NOTE
Packages suggested but not available for checking:
'simplifyEnrichment', 'conos', 'pagoda2'
Flavor: r-devel-linux-x86_64-fedora-clang
Version: 1.0.4
Check: package dependencies
Result: NOTE
Packages suggested but not available for checking: 'conos', 'pagoda2'
Flavor: r-devel-linux-x86_64-fedora-gcc
Version: 1.0.4
Check: package dependencies
Result: NOTE
Package suggested but not available for checking: ‘simplifyEnrichment’
Flavors: r-oldrel-macos-arm64, r-oldrel-macos-x86_64