Last updated on 2024-06-04 19:47:59 CEST.
Flavor | Version | Tinstall | Tcheck | Ttotal | Status | Flags |
---|---|---|---|---|---|---|
r-devel-linux-x86_64-debian-clang | 1.2.0 | 50.73 | 133.44 | 184.17 | NOTE | |
r-devel-linux-x86_64-debian-gcc | 1.2.0 | 39.23 | 97.90 | 137.13 | NOTE | |
r-devel-linux-x86_64-fedora-clang | 1.2.0 | 255.24 | NOTE | |||
r-devel-linux-x86_64-fedora-gcc | 1.2.0 | 236.96 | NOTE | |||
r-devel-windows-x86_64 | 1.2.0 | 48.00 | 125.00 | 173.00 | NOTE | |
r-patched-linux-x86_64 | 1.2.0 | 34.02 | 127.58 | 161.60 | NOTE | |
r-release-linux-x86_64 | 1.2.0 | 34.20 | 123.30 | 157.50 | NOTE | |
r-release-macos-arm64 | 1.2.0 | 59.00 | NOTE | |||
r-release-macos-x86_64 | 1.2.0 | 144.00 | NOTE | |||
r-release-windows-x86_64 | 1.2.0 | 45.00 | 128.00 | 173.00 | NOTE | |
r-oldrel-macos-arm64 | 1.2.0 | 69.00 | NOTE | |||
r-oldrel-macos-x86_64 | 1.2.0 | 147.00 | NOTE | |||
r-oldrel-windows-x86_64 | 1.2.0 | 58.00 | 161.00 | 219.00 | NOTE |
Version: 1.2.0
Check: for GNU extensions in Makefiles
Result: NOTE
GNU make is a SystemRequirements.
Flavors: r-devel-linux-x86_64-debian-clang, r-devel-linux-x86_64-debian-gcc, r-devel-linux-x86_64-fedora-clang, r-devel-linux-x86_64-fedora-gcc, r-devel-windows-x86_64, r-patched-linux-x86_64, r-release-linux-x86_64, r-release-macos-arm64, r-release-macos-x86_64, r-release-windows-x86_64, r-oldrel-macos-arm64, r-oldrel-macos-x86_64, r-oldrel-windows-x86_64
Version: 1.2.0
Check: dependencies in R code
Result: NOTE
Namespace in Imports field not imported from: ‘Rcpp’
All declared Imports should be used.
Flavors: r-devel-linux-x86_64-fedora-clang, r-devel-linux-x86_64-fedora-gcc