CRAN Package Check Results for Package scrollrevealR

Last updated on 2025-02-07 08:51:35 CET.

Flavor Version Tinstall Tcheck Ttotal Status Flags
r-devel-linux-x86_64-debian-clang 0.2.0 1.66 19.78 21.44 OK
r-devel-linux-x86_64-debian-gcc 0.2.0 1.34 16.08 17.42 OK
r-devel-linux-x86_64-fedora-clang 0.2.0 36.23 OK
r-devel-linux-x86_64-fedora-gcc 0.2.0 47.17 OK
r-devel-windows-x86_64 0.2.0 3.00 57.00 60.00 OK
r-patched-linux-x86_64 0.2.0 1.67 19.14 20.81 NOTE
r-release-linux-x86_64 0.2.0 1.53 19.26 20.79 NOTE
r-release-macos-arm64 0.2.0 21.00 NOTE
r-release-macos-x86_64 0.2.0 33.00 NOTE
r-release-windows-x86_64 0.2.0 3.00 43.00 46.00 NOTE
r-oldrel-macos-arm64 0.2.0 23.00 NOTE
r-oldrel-macos-x86_64 0.2.0 30.00 NOTE
r-oldrel-windows-x86_64 0.2.0 3.00 46.00 49.00 NOTE

Check Details

Version: 0.2.0
Check: LazyData
Result: NOTE 'LazyData' is specified without a 'data' directory Flavors: r-patched-linux-x86_64, r-release-linux-x86_64, r-release-macos-arm64, r-release-macos-x86_64, r-release-windows-x86_64, r-oldrel-macos-arm64, r-oldrel-macos-x86_64, r-oldrel-windows-x86_64