Last updated on 2025-05-10 19:51:09 CEST.
Flavor | Version | Tinstall | Tcheck | Ttotal | Status | Flags |
---|---|---|---|---|---|---|
r-devel-linux-x86_64-debian-clang | 1.4 | 6.85 | 51.07 | 57.92 | NOTE | |
r-devel-linux-x86_64-debian-gcc | 1.4 | 5.03 | 37.47 | 42.50 | NOTE | |
r-devel-linux-x86_64-fedora-clang | 1.4 | 79.36 | OK | |||
r-devel-linux-x86_64-fedora-gcc | 1.4 | 90.63 | OK | |||
r-devel-windows-x86_64 | 1.4 | 8.00 | 72.00 | 80.00 | OK | |
r-patched-linux-x86_64 | 1.4 | 6.50 | 48.55 | 55.05 | OK | |
r-release-linux-x86_64 | 1.4 | 6.93 | 48.16 | 55.09 | OK | |
r-release-macos-arm64 | 1.4 | 26.00 | OK | |||
r-release-macos-x86_64 | 1.4 | 47.00 | OK | |||
r-release-windows-x86_64 | 1.4 | 10.00 | 66.00 | 76.00 | OK | |
r-oldrel-macos-arm64 | 1.4 | 27.00 | OK | |||
r-oldrel-macos-x86_64 | 1.4 | 40.00 | OK | |||
r-oldrel-windows-x86_64 | 1.4 | 11.00 | 81.00 | 92.00 | OK |
Version: 1.4
Check: CRAN incoming feasibility
Result: NOTE
Maintainer: ‘Brian Greenhill <bgreenhill@albany.edu>’
No Authors@R field in DESCRIPTION.
Please add one, modifying
Authors@R: c(person(given = c("Brian", "D."),
family = "Greenhill",
role = "aut"),
person(given = c("Michael", "D."),
family = "Ward",
role = "aut"),
person(given = "Audrey",
family = "Sacks",
role = "aut"),
person(given = "Brian",
family = "Greenhill",
role = "cre",
email = "bgreenhill@albany.edu"))
as necessary.
Flavors: r-devel-linux-x86_64-debian-clang, r-devel-linux-x86_64-debian-gcc