Last updated on 2024-06-04 19:48:00 CEST.
Flavor | Version | Tinstall | Tcheck | Ttotal | Status | Flags |
---|---|---|---|---|---|---|
r-devel-linux-x86_64-debian-clang | 0.5-0 | 82.69 | 458.81 | 541.50 | OK | |
r-devel-linux-x86_64-debian-gcc | 0.5-0 | 65.73 | 380.55 | 446.28 | OK | |
r-devel-linux-x86_64-fedora-clang | 0.5-0 | 668.68 | OK | |||
r-devel-linux-x86_64-fedora-gcc | 0.5-0 | 747.59 | OK | |||
r-devel-windows-x86_64 | 0.5-0 | 63.00 | 345.00 | 408.00 | OK | |
r-patched-linux-x86_64 | 0.5-0 | 91.53 | 485.37 | 576.90 | OK | |
r-release-linux-x86_64 | 0.5-0 | 82.44 | 468.80 | 551.24 | OK | |
r-release-macos-arm64 | 0.5-0 | 209.00 | NOTE | |||
r-release-windows-x86_64 | 0.5-0 | 64.00 | 425.00 | 489.00 | OK | |
r-oldrel-macos-arm64 | 0.5-0 | 287.00 | NOTE | |||
r-oldrel-macos-x86_64 | 0.5-0 | 450.00 | NOTE | |||
r-oldrel-windows-x86_64 | 0.5-0 | 81.00 | 417.00 | 498.00 | OK |
Version: 0.5-0
Check: installed package size
Result: NOTE
installed size is 19.6Mb
sub-directories of 1Mb or more:
libs 18.3Mb
Flavors: r-release-macos-arm64, r-oldrel-macos-arm64, r-oldrel-macos-x86_64