Last updated on 2025-05-14 19:53:10 CEST.
Flavor | Version | Tinstall | Tcheck | Ttotal | Status | Flags |
---|---|---|---|---|---|---|
r-devel-linux-x86_64-debian-clang | 1.8-1 | 6.40 | 40.20 | 46.60 | OK | |
r-devel-linux-x86_64-debian-gcc | 1.8-1 | 3.99 | 29.07 | 33.06 | OK | |
r-devel-linux-x86_64-fedora-clang | 1.8-1 | 72.32 | NOTE | |||
r-devel-linux-x86_64-fedora-gcc | 1.8-1 | 68.49 | NOTE | |||
r-devel-windows-x86_64 | 1.8-1 | 9.00 | 76.00 | 85.00 | OK | |
r-patched-linux-x86_64 | 1.8-1 | 6.93 | 38.31 | 45.24 | OK | |
r-release-linux-x86_64 | 1.8-1 | 7.21 | 37.95 | 45.16 | OK | |
r-release-macos-arm64 | 1.8-1 | 32.00 | OK | |||
r-release-macos-x86_64 | 1.8-1 | 49.00 | OK | |||
r-release-windows-x86_64 | 1.8-1 | 11.00 | 76.00 | 87.00 | OK | |
r-oldrel-macos-arm64 | 1.8-1 | 32.00 | OK | |||
r-oldrel-macos-x86_64 | 1.8-1 | 96.00 | OK | |||
r-oldrel-windows-x86_64 | 1.8-1 | 11.00 | 84.00 | 95.00 | OK |
Version: 1.8-1
Check: compiled code
Result: NOTE
File ‘signal/libs/signal.so’:
Found no calls to: ‘R_registerRoutines’, ‘R_useDynamicSymbols’
It is good practice to register native routines and to disable symbol
search.
See ‘Writing portable packages’ in the ‘Writing R Extensions’ manual.
Flavors: r-devel-linux-x86_64-fedora-clang, r-devel-linux-x86_64-fedora-gcc