Last updated on 2025-02-17 08:51:05 CET.
Flavor | Version | Tinstall | Tcheck | Ttotal | Status | Flags |
---|---|---|---|---|---|---|
r-devel-linux-x86_64-debian-clang | 1.1.20.3 | 6.13 | 50.68 | 56.81 | NOTE | |
r-devel-linux-x86_64-debian-gcc | 1.1.20.3 | 5.30 | 37.04 | 42.34 | NOTE | |
r-devel-linux-x86_64-fedora-clang | 1.1.20.3 | 90.91 | NOTE | |||
r-devel-linux-x86_64-fedora-gcc | 1.1.20.3 | 97.00 | NOTE | |||
r-devel-macos-arm64 | 1.1.20.3 | 46.00 | OK | |||
r-devel-macos-x86_64 | 1.1.20.3 | 66.00 | NOTE | |||
r-devel-windows-x86_64 | 1.1.20.3 | 8.00 | 81.00 | 89.00 | NOTE | |
r-patched-linux-x86_64 | 1.1.20.3 | 6.38 | 48.76 | 55.14 | OK | |
r-release-linux-x86_64 | 1.1.20.3 | 5.44 | 49.29 | 54.73 | OK | |
r-release-macos-arm64 | 1.1.20.3 | 38.00 | OK | |||
r-release-macos-x86_64 | 1.1.20.3 | 54.00 | OK | |||
r-release-windows-x86_64 | 1.1.20.3 | 8.00 | 81.00 | 89.00 | OK | |
r-oldrel-macos-arm64 | 1.1.20.3 | 40.00 | OK | |||
r-oldrel-macos-x86_64 | 1.1.20.3 | 64.00 | OK | |||
r-oldrel-windows-x86_64 | 1.1.20.3 | 11.00 | 113.00 | 124.00 | OK |
Version: 1.1.20.3
Check: DESCRIPTION meta-information
Result: NOTE
Missing dependency on R >= 4.1.0 because package code uses the pipe
|> or function shorthand \(...) syntax added in R 4.1.0.
File(s) using such syntax:
‘ext-annotate_expr.R’
Flavors: r-devel-linux-x86_64-debian-clang, r-devel-linux-x86_64-debian-gcc, r-devel-linux-x86_64-fedora-clang, r-devel-linux-x86_64-fedora-gcc, r-devel-macos-x86_64, r-devel-windows-x86_64