Last updated on 2024-06-04 19:48:00 CEST.
Flavor | Version | Tinstall | Tcheck | Ttotal | Status | Flags |
---|---|---|---|---|---|---|
r-devel-linux-x86_64-debian-clang | 0.9.1 | 21.38 | 392.60 | 413.98 | OK | |
r-devel-linux-x86_64-debian-gcc | 0.9.1 | 12.97 | 276.67 | 289.64 | OK | |
r-devel-linux-x86_64-fedora-clang | 0.9.1 | 491.46 | NOTE | |||
r-devel-linux-x86_64-fedora-gcc | 0.9.1 | 477.46 | OK | |||
r-devel-windows-x86_64 | 0.9.1 | 35.00 | 536.00 | 571.00 | OK | |
r-patched-linux-x86_64 | 0.9.1 | 16.54 | 358.82 | 375.36 | OK | |
r-release-linux-x86_64 | 0.9.1 | 10.62 | 371.42 | 382.04 | OK | |
r-release-macos-arm64 | 0.9.1 | 136.00 | OK | |||
r-release-macos-x86_64 | 0.9.1 | 392.00 | OK | |||
r-release-windows-x86_64 | 0.9.1 | 35.00 | 576.00 | 611.00 | OK | |
r-oldrel-macos-arm64 | 0.9.1 | 146.00 | OK | |||
r-oldrel-macos-x86_64 | 0.9.1 | 306.00 | OK | |||
r-oldrel-windows-x86_64 | 0.9.1 | 41.00 | 471.00 | 512.00 | OK |
Version: 0.9.1
Check: installed package size
Result: NOTE
installed size is 5.0Mb
sub-directories of 1Mb or more:
doc 3.6Mb
Flavor: r-devel-linux-x86_64-fedora-clang