CRAN Package Check Results for Package sloop

Last updated on 2025-02-17 08:51:05 CET.

Flavor Version Tinstall Tcheck Ttotal Status Flags
r-devel-linux-x86_64-debian-clang 1.0.1 2.69 26.73 29.42 OK
r-devel-linux-x86_64-debian-gcc 1.0.1 1.99 20.97 22.96 OK
r-devel-linux-x86_64-fedora-clang 1.0.1 48.54 OK
r-devel-linux-x86_64-fedora-gcc 1.0.1 43.98 OK
r-devel-macos-arm64 1.0.1 20.00 OK
r-devel-macos-x86_64 1.0.1 33.00 OK
r-devel-windows-x86_64 1.0.1 5.00 48.00 53.00 OK
r-patched-linux-x86_64 1.0.1 2.64 24.88 27.52 NOTE
r-release-linux-x86_64 1.0.1 2.22 24.91 27.13 NOTE
r-release-macos-arm64 1.0.1 20.00 NOTE
r-release-macos-x86_64 1.0.1 27.00 NOTE
r-release-windows-x86_64 1.0.1 4.00 48.00 52.00 NOTE
r-oldrel-macos-arm64 1.0.1 19.00 NOTE
r-oldrel-macos-x86_64 1.0.1 27.00 NOTE
r-oldrel-windows-x86_64 1.0.1 5.00 75.00 80.00 NOTE

Check Details

Version: 1.0.1
Check: LazyData
Result: NOTE 'LazyData' is specified without a 'data' directory Flavors: r-patched-linux-x86_64, r-release-linux-x86_64, r-release-macos-arm64, r-release-macos-x86_64, r-release-windows-x86_64, r-oldrel-macos-arm64, r-oldrel-macos-x86_64, r-oldrel-windows-x86_64