Last updated on 2024-06-04 19:48:00 CEST.
Flavor | Version | Tinstall | Tcheck | Ttotal | Status | Flags |
---|---|---|---|---|---|---|
r-devel-linux-x86_64-debian-clang | 0.3.3.7 | 41.44 | 95.99 | 137.43 | NOTE | |
r-devel-linux-x86_64-debian-gcc | 0.3.3.7 | 29.42 | 73.52 | 102.94 | NOTE | |
r-devel-linux-x86_64-fedora-clang | 0.3.3.7 | 197.61 | NOTE | |||
r-devel-linux-x86_64-fedora-gcc | 0.3.3.7 | 190.25 | NOTE | |||
r-devel-windows-x86_64 | 0.3.3.7 | 33.00 | 133.00 | 166.00 | NOTE | |
r-patched-linux-x86_64 | 0.3.3.7 | 37.38 | 95.79 | 133.17 | NOTE | |
r-release-linux-x86_64 | 0.3.3.7 | 33.73 | 95.17 | 128.90 | NOTE | |
r-release-macos-arm64 | 0.3.3.7 | 57.00 | NOTE | |||
r-release-windows-x86_64 | 0.3.3.7 | 33.00 | 191.00 | 224.00 | NOTE | |
r-oldrel-macos-arm64 | 0.3.3.7 | 66.00 | NOTE | |||
r-oldrel-macos-x86_64 | 0.3.3.7 | 97.00 | NOTE | |||
r-oldrel-windows-x86_64 | 0.3.3.7 | 42.00 | 146.00 | 188.00 | NOTE |
Version: 0.3.3.7
Check: C++ specification
Result: NOTE
Specified C++11: please drop specification unless essential
Flavors: r-devel-linux-x86_64-debian-clang, r-devel-linux-x86_64-debian-gcc, r-devel-linux-x86_64-fedora-clang, r-devel-linux-x86_64-fedora-gcc, r-devel-windows-x86_64, r-patched-linux-x86_64, r-release-linux-x86_64, r-release-macos-arm64, r-release-windows-x86_64, r-oldrel-macos-arm64, r-oldrel-macos-x86_64, r-oldrel-windows-x86_64
Version: 0.3.3.7
Check: Rd files
Result: NOTE
checkRd: (-1) Coord.to.Pointers.Rd:54: Lost braces; missing escapes or markup?
54 | \item{triangle=TRUE}{Input \code{rows} and {cols} represent lower
| ^
checkRd: (-1) Coord.to.Pointers.Rd:59: Lost braces; missing escapes or markup?
59 | \item{triangle=FALSE}{Input \code{rows} and {cols} represent a full
| ^
Flavors: r-devel-linux-x86_64-debian-clang, r-devel-linux-x86_64-debian-gcc, r-devel-linux-x86_64-fedora-clang, r-devel-linux-x86_64-fedora-gcc, r-devel-windows-x86_64, r-patched-linux-x86_64, r-release-linux-x86_64, r-release-macos-arm64, r-release-windows-x86_64