Last updated on 2025-02-25 08:52:12 CET.
Flavor | Version | Tinstall | Tcheck | Ttotal | Status | Flags |
---|---|---|---|---|---|---|
r-devel-linux-x86_64-debian-clang | 0.1.3 | 18.35 | 70.88 | 89.23 | NOTE | |
r-devel-linux-x86_64-debian-gcc | 0.1.3 | 14.47 | 51.82 | 66.29 | NOTE | |
r-devel-linux-x86_64-fedora-clang | 0.1.3 | 145.57 | NOTE | |||
r-devel-linux-x86_64-fedora-gcc | 0.1.3 | 139.27 | NOTE | |||
r-devel-macos-arm64 | 0.1.3 | 42.00 | NOTE | |||
r-devel-macos-x86_64 | 0.1.3 | 76.00 | NOTE | |||
r-devel-windows-x86_64 | 0.1.3 | 26.00 | 97.00 | 123.00 | NOTE | |
r-patched-linux-x86_64 | 0.1.3 | 17.28 | 66.25 | 83.53 | NOTE | |
r-release-linux-x86_64 | 0.1.3 | 17.25 | 66.50 | 83.75 | NOTE | |
r-release-macos-arm64 | 0.1.3 | 43.00 | NOTE | |||
r-release-macos-x86_64 | 0.1.3 | 62.00 | NOTE | |||
r-release-windows-x86_64 | 0.1.3 | 26.00 | 93.00 | 119.00 | NOTE | |
r-oldrel-macos-arm64 | 0.1.3 | NOTE | ||||
r-oldrel-macos-x86_64 | 0.1.3 | 76.00 | NOTE | |||
r-oldrel-windows-x86_64 | 0.1.3 | 31.00 | 117.00 | 148.00 | NOTE |
Version: 0.1.3
Check: Rd files
Result: NOTE
checkRd: (-1) cholsolveAQinvAT.Rd:5: Lost braces; missing escapes or markup?
5 | \title{Solve the equation X = AQ^{-1}t(A) under permutations}
| ^
Flavors: r-devel-linux-x86_64-debian-clang, r-devel-linux-x86_64-debian-gcc, r-devel-linux-x86_64-fedora-clang, r-devel-linux-x86_64-fedora-gcc, r-devel-macos-arm64, r-devel-macos-x86_64, r-devel-windows-x86_64, r-patched-linux-x86_64, r-release-linux-x86_64, r-release-macos-arm64, r-release-macos-x86_64, r-release-windows-x86_64
Version: 0.1.3
Check: LazyData
Result: NOTE
'LazyData' is specified without a 'data' directory
Flavors: r-patched-linux-x86_64, r-release-linux-x86_64, r-release-macos-arm64, r-release-macos-x86_64, r-release-windows-x86_64, r-oldrel-macos-arm64, r-oldrel-macos-x86_64, r-oldrel-windows-x86_64