Last updated on 2024-06-04 19:48:01 CEST.
Flavor | Version | Tinstall | Tcheck | Ttotal | Status | Flags |
---|---|---|---|---|---|---|
r-devel-linux-x86_64-debian-clang | 0.1 | 2.07 | 23.31 | 25.38 | NOTE | |
r-devel-linux-x86_64-debian-gcc | 0.1 | 1.92 | 18.28 | 20.20 | NOTE | |
r-devel-linux-x86_64-fedora-clang | 0.1 | 32.80 | NOTE | |||
r-devel-linux-x86_64-fedora-gcc | 0.1 | 30.84 | NOTE | |||
r-devel-windows-x86_64 | 0.1 | 3.00 | 44.00 | 47.00 | NOTE | |
r-patched-linux-x86_64 | 0.1 | 2.53 | 22.54 | 25.07 | NOTE | |
r-release-linux-x86_64 | 0.1 | 1.86 | 22.12 | 23.98 | NOTE | |
r-release-macos-arm64 | 0.1 | 15.00 | NOTE | |||
r-release-windows-x86_64 | 0.1 | 3.00 | 104.00 | 107.00 | NOTE | |
r-oldrel-macos-arm64 | 0.1 | 15.00 | NOTE | |||
r-oldrel-macos-x86_64 | 0.1 | 21.00 | NOTE | |||
r-oldrel-windows-x86_64 | 0.1 | 3.00 | 46.00 | 49.00 | NOTE |
Version: 0.1
Check: LazyData
Result: NOTE
'LazyData' is specified without a 'data' directory
Flavors: r-devel-linux-x86_64-debian-clang, r-devel-linux-x86_64-debian-gcc, r-devel-linux-x86_64-fedora-clang, r-devel-linux-x86_64-fedora-gcc, r-devel-windows-x86_64, r-patched-linux-x86_64, r-release-linux-x86_64, r-release-macos-arm64, r-release-windows-x86_64, r-oldrel-macos-arm64, r-oldrel-macos-x86_64, r-oldrel-windows-x86_64