Last updated on 2025-05-10 19:51:10 CEST.
Flavor | Version | Tinstall | Tcheck | Ttotal | Status | Flags |
---|---|---|---|---|---|---|
r-devel-linux-x86_64-debian-clang | 1.5 | 1.73 | 17.57 | 19.30 | NOTE | |
r-devel-linux-x86_64-debian-gcc | 1.5 | 1.50 | 14.65 | 16.15 | NOTE | |
r-devel-linux-x86_64-fedora-clang | 1.5 | 30.15 | OK | |||
r-devel-linux-x86_64-fedora-gcc | 1.5 | 28.81 | OK | |||
r-devel-windows-x86_64 | 1.5 | 3.00 | 39.00 | 42.00 | OK | |
r-patched-linux-x86_64 | 1.5 | 1.80 | 17.17 | 18.97 | OK | |
r-release-linux-x86_64 | 1.5 | 1.68 | 17.20 | 18.88 | OK | |
r-release-macos-arm64 | 1.5 | 15.00 | OK | |||
r-release-macos-x86_64 | 1.5 | 22.00 | OK | |||
r-release-windows-x86_64 | 1.5 | 4.00 | 41.00 | 45.00 | OK | |
r-oldrel-macos-arm64 | 1.5 | 19.00 | OK | |||
r-oldrel-macos-x86_64 | 1.5 | 19.00 | OK | |||
r-oldrel-windows-x86_64 | 1.5 | 3.00 | 38.00 | 41.00 | OK |
Version: 1.5
Check: CRAN incoming feasibility
Result: NOTE
Maintainer: ‘Tomas Johannesson <tj@vedur.is>’
No Authors@R field in DESCRIPTION.
Please add one, modifying
Authors@R: c(person(given = c("Tomas", "Johannesson", "&", "Halldor"),
family = "Bjornsson",
role = "aut"),
person(given = c("Icelandic", "Met.", "Office;", "Gabor"),
family = "Grothendieck",
role = "aut"),
person(given = "Tomas",
family = "Johannesson",
role = "cre",
email = "tj@vedur.is"))
as necessary.
Flavors: r-devel-linux-x86_64-debian-clang, r-devel-linux-x86_64-debian-gcc