CRAN Package Check Results for Package stringformattr

Last updated on 2025-02-07 08:51:36 CET.

Flavor Version Tinstall Tcheck Ttotal Status Flags
r-devel-linux-x86_64-debian-clang 0.1.2 1.60 17.62 19.22 OK
r-devel-linux-x86_64-debian-gcc 0.1.2 1.33 15.01 16.34 OK
r-devel-linux-x86_64-fedora-clang 0.1.2 31.17 OK
r-devel-linux-x86_64-fedora-gcc 0.1.2 29.66 OK
r-devel-windows-x86_64 0.1.2 3.00 61.00 64.00 OK
r-patched-linux-x86_64 0.1.2 1.56 16.58 18.14 NOTE
r-release-linux-x86_64 0.1.2 1.56 16.93 18.49 NOTE
r-release-macos-arm64 0.1.2 16.00 NOTE
r-release-macos-x86_64 0.1.2 23.00 NOTE
r-release-windows-x86_64 0.1.2 3.00 51.00 54.00 NOTE
r-oldrel-macos-arm64 0.1.2 16.00 NOTE
r-oldrel-macos-x86_64 0.1.2 20.00 NOTE
r-oldrel-windows-x86_64 0.1.2 3.00 46.00 49.00 NOTE

Check Details

Version: 0.1.2
Check: LazyData
Result: NOTE 'LazyData' is specified without a 'data' directory Flavors: r-patched-linux-x86_64, r-release-linux-x86_64, r-release-macos-arm64, r-release-macos-x86_64, r-release-windows-x86_64, r-oldrel-macos-arm64, r-oldrel-macos-x86_64, r-oldrel-windows-x86_64