Last updated on 2024-06-04 19:48:01 CEST.
Flavor | Version | Tinstall | Tcheck | Ttotal | Status | Flags |
---|---|---|---|---|---|---|
r-devel-linux-x86_64-debian-clang | 1.0.0 | 16.52 | 143.12 | 159.64 | OK | |
r-devel-linux-x86_64-debian-gcc | 1.0.0 | 12.82 | 105.97 | 118.79 | OK | |
r-devel-linux-x86_64-fedora-clang | 1.0.0 | 197.39 | NOTE | |||
r-devel-linux-x86_64-fedora-gcc | 1.0.0 | 186.88 | NOTE | |||
r-devel-windows-x86_64 | 1.0.0 | 16.00 | 121.00 | 137.00 | OK | |
r-patched-linux-x86_64 | 1.0.0 | 16.34 | 138.87 | 155.21 | OK | |
r-release-linux-x86_64 | 1.0.0 | 13.10 | 134.32 | 147.42 | OK | |
r-release-macos-arm64 | 1.0.0 | 38.00 | OK | |||
r-release-macos-x86_64 | 1.0.0 | 80.00 | OK | |||
r-release-windows-x86_64 | 1.0.0 | 16.00 | 175.00 | 191.00 | OK | |
r-oldrel-macos-arm64 | 1.0.0 | 52.00 | OK | |||
r-oldrel-macos-x86_64 | 1.0.0 | 72.00 | OK | |||
r-oldrel-windows-x86_64 | 1.0.0 | 20.00 | 148.00 | 168.00 | OK |
Version: 1.0.0
Check: data for non-ASCII characters
Result: NOTE
Note: found 551 marked UTF-8 strings
Flavors: r-devel-linux-x86_64-fedora-clang, r-devel-linux-x86_64-fedora-gcc