Last updated on 2025-02-25 08:52:16 CET.
Flavor | Version | Tinstall | Tcheck | Ttotal | Status | Flags |
---|---|---|---|---|---|---|
r-devel-linux-x86_64-debian-clang | 0.4.0 | 10.95 | 167.04 | 177.99 | OK | |
r-devel-linux-x86_64-debian-gcc | 0.4.0 | 6.64 | 109.95 | 116.59 | OK | |
r-devel-linux-x86_64-fedora-clang | 0.4.0 | 272.95 | OK | |||
r-devel-linux-x86_64-fedora-gcc | 0.4.0 | 277.65 | OK | |||
r-devel-macos-arm64 | 0.4.0 | 87.00 | OK | |||
r-devel-macos-x86_64 | 0.4.0 | 161.00 | OK | |||
r-devel-windows-x86_64 | 0.4.0 | 14.00 | 165.00 | 179.00 | OK | |
r-patched-linux-x86_64 | 0.4.0 | 13.42 | 154.29 | 167.71 | OK | |
r-release-linux-x86_64 | 0.4.0 | 10.53 | 151.10 | 161.63 | OK | |
r-release-macos-arm64 | 0.4.0 | 94.00 | OK | |||
r-release-macos-x86_64 | 0.4.0 | 179.00 | OK | |||
r-release-windows-x86_64 | 0.4.0 | 15.00 | 163.00 | 178.00 | OK | |
r-oldrel-macos-arm64 | 0.4.0 | 11.00 | ERROR | |||
r-oldrel-macos-x86_64 | 0.4.0 | 147.00 | OK | |||
r-oldrel-windows-x86_64 | 0.4.0 | 17.00 | 207.00 | 224.00 | OK |
Version: 0.4.0
Check: package dependencies
Result: ERROR
Package required but not available: ‘rtables.officer’
See section ‘The DESCRIPTION file’ in the ‘Writing R Extensions’
manual.
Flavor: r-oldrel-macos-arm64