Last updated on 2024-06-04 19:48:02 CEST.
Flavor | Version | Tinstall | Tcheck | Ttotal | Status | Flags |
---|---|---|---|---|---|---|
r-devel-linux-x86_64-debian-clang | 0.5.1 | 22.55 | 183.87 | 206.42 | OK | |
r-devel-linux-x86_64-debian-gcc | 0.5.1 | 16.70 | 133.24 | 149.94 | OK | |
r-devel-linux-x86_64-fedora-clang | 0.5.1 | 273.76 | NOTE | |||
r-devel-linux-x86_64-fedora-gcc | 0.5.1 | 253.62 | OK | |||
r-devel-windows-x86_64 | 0.5.1 | 21.00 | 173.00 | 194.00 | OK | |
r-patched-linux-x86_64 | 0.5.1 | 27.96 | 170.63 | 198.59 | OK | |
r-release-linux-x86_64 | 0.5.1 | 14.49 | 173.56 | 188.05 | OK | |
r-release-macos-arm64 | 0.5.1 | 82.00 | OK | |||
r-release-macos-x86_64 | 0.5.1 | 222.00 | OK | |||
r-release-windows-x86_64 | 0.5.1 | 20.00 | 226.00 | 246.00 | OK | |
r-oldrel-macos-arm64 | 0.5.1 | 84.00 | OK | |||
r-oldrel-macos-x86_64 | 0.5.1 | 181.00 | OK | |||
r-oldrel-windows-x86_64 | 0.5.1 | 26.00 | 216.00 | 242.00 | OK |
Version: 0.5.1
Check: Rd cross-references
Result: NOTE
Undeclared package ‘teal’ in Rd xrefs
Flavor: r-devel-linux-x86_64-fedora-clang