Last updated on 2024-06-04 19:48:02 CEST.
Flavor | Version | Tinstall | Tcheck | Ttotal | Status | Flags |
---|---|---|---|---|---|---|
r-devel-linux-x86_64-debian-clang | 0.5.8 | 9.28 | 129.29 | 138.57 | OK | |
r-devel-linux-x86_64-debian-gcc | 0.5.8 | 5.62 | 91.58 | 97.20 | OK | |
r-devel-linux-x86_64-fedora-clang | 0.5.8 | 169.58 | NOTE | |||
r-devel-linux-x86_64-fedora-gcc | 0.5.8 | 152.29 | NOTE | |||
r-devel-windows-x86_64 | 0.5.8 | 9.00 | 141.00 | 150.00 | OK | |
r-patched-linux-x86_64 | 0.5.8 | 7.34 | 120.28 | 127.62 | OK | |
r-release-linux-x86_64 | 0.5.8 | 6.70 | 121.56 | 128.26 | OK | |
r-release-macos-arm64 | 0.5.8 | 71.00 | OK | |||
r-release-macos-x86_64 | 0.5.8 | 158.00 | OK | |||
r-release-windows-x86_64 | 0.5.8 | 10.00 | 144.00 | 154.00 | OK | |
r-oldrel-macos-arm64 | 0.5.8 | 69.00 | OK | |||
r-oldrel-macos-x86_64 | 0.5.8 | 147.00 | OK | |||
r-oldrel-windows-x86_64 | 0.5.8 | 12.00 | 167.00 | 179.00 | OK |
Version: 0.5.8
Check: data for non-ASCII characters
Result: NOTE
Note: found 4581 marked UTF-8 strings
Flavors: r-devel-linux-x86_64-fedora-clang, r-devel-linux-x86_64-fedora-gcc