CRAN Package Check Results for Package titrationCurves

Last updated on 2025-02-17 08:51:12 CET.

Flavor Version Tinstall Tcheck Ttotal Status Flags
r-devel-linux-x86_64-debian-clang 0.1.0 2.59 36.43 39.02 OK
r-devel-linux-x86_64-debian-gcc 0.1.0 1.80 28.98 30.78 OK
r-devel-linux-x86_64-fedora-clang 0.1.0 66.27 OK
r-devel-linux-x86_64-fedora-gcc 0.1.0 74.58 OK
r-devel-macos-arm64 0.1.0 29.00 OK
r-devel-macos-x86_64 0.1.0 42.00 OK
r-devel-windows-x86_64 0.1.0 4.00 116.00 120.00 OK
r-patched-linux-x86_64 0.1.0 2.82 35.05 37.87 NOTE
r-release-linux-x86_64 0.1.0 2.64 35.48 38.12 NOTE
r-release-macos-arm64 0.1.0 27.00 NOTE
r-release-macos-x86_64 0.1.0 45.00 NOTE
r-release-windows-x86_64 0.1.0 3.00 124.00 127.00 NOTE
r-oldrel-macos-arm64 0.1.0 30.00 NOTE
r-oldrel-macos-x86_64 0.1.0 37.00 NOTE
r-oldrel-windows-x86_64 0.1.0 4.00 104.00 108.00 NOTE

Check Details

Version: 0.1.0
Check: LazyData
Result: NOTE 'LazyData' is specified without a 'data' directory Flavors: r-patched-linux-x86_64, r-release-linux-x86_64, r-release-macos-arm64, r-release-macos-x86_64, r-release-windows-x86_64, r-oldrel-macos-arm64, r-oldrel-macos-x86_64, r-oldrel-windows-x86_64