Last updated on 2025-05-14 19:53:13 CEST.
Flavor | Version | Tinstall | Tcheck | Ttotal | Status | Flags |
---|---|---|---|---|---|---|
r-devel-linux-x86_64-debian-clang | 1.1.2 | 130.73 | 34.15 | 164.88 | NOTE | |
r-devel-linux-x86_64-debian-gcc | 1.1.2 | 86.32 | 29.34 | 115.66 | NOTE | |
r-devel-linux-x86_64-fedora-clang | 1.1.2 | 352.02 | NOTE | |||
r-devel-linux-x86_64-fedora-gcc | 1.1.2 | 330.37 | NOTE | |||
r-devel-windows-x86_64 | 1.1.2 | 144.00 | 74.00 | 218.00 | NOTE | |
r-patched-linux-x86_64 | 1.1.2 | 122.28 | 36.47 | 158.75 | NOTE | |
r-release-linux-x86_64 | 1.1.2 | 124.43 | 36.39 | 160.82 | NOTE | |
r-release-macos-arm64 | 1.1.2 | 76.00 | NOTE | |||
r-release-macos-x86_64 | 1.1.2 | 83.00 | NOTE | |||
r-release-windows-x86_64 | 1.1.2 | 141.00 | 74.00 | 215.00 | NOTE | |
r-oldrel-macos-arm64 | 1.1.2 | 71.00 | NOTE | |||
r-oldrel-macos-x86_64 | 1.1.2 | 75.00 | NOTE | |||
r-oldrel-windows-x86_64 | 1.1.2 | 165.00 | 91.00 | 256.00 | NOTE |
Version: 1.1.2
Check: C++ specification
Result: NOTE
Specified C++14: please drop specification unless essential
Flavors: r-devel-linux-x86_64-debian-clang, r-devel-linux-x86_64-debian-gcc, r-devel-linux-x86_64-fedora-clang, r-devel-linux-x86_64-fedora-gcc, r-devel-windows-x86_64, r-patched-linux-x86_64, r-release-linux-x86_64, r-release-macos-arm64, r-release-macos-x86_64, r-release-windows-x86_64, r-oldrel-macos-arm64, r-oldrel-macos-x86_64, r-oldrel-windows-x86_64
Version: 1.1.2
Check: Rd files
Result: NOTE
checkRd: (-1) pmvn.Rd:21: Lost braces in \itemize; meant \describe ?
checkRd: (-1) pmvn.Rd:22: Lost braces in \itemize; meant \describe ?
checkRd: (-1) pmvn.Rd:23: Lost braces in \itemize; meant \describe ?
checkRd: (-1) pmvt.Rd:23: Lost braces in \itemize; meant \describe ?
checkRd: (-1) pmvt.Rd:24: Lost braces in \itemize; meant \describe ?
checkRd: (-1) pmvt.Rd:25: Lost braces in \itemize; meant \describe ?
Flavors: r-devel-linux-x86_64-debian-clang, r-devel-linux-x86_64-debian-gcc, r-devel-linux-x86_64-fedora-clang, r-devel-linux-x86_64-fedora-gcc, r-devel-windows-x86_64, r-patched-linux-x86_64, r-release-linux-x86_64, r-release-macos-arm64, r-release-macos-x86_64, r-release-windows-x86_64, r-oldrel-macos-arm64, r-oldrel-macos-x86_64, r-oldrel-windows-x86_64
Version: 1.1.2
Check: installed package size
Result: NOTE
installed size is 11.9Mb
sub-directories of 1Mb or more:
libs 11.8Mb
Flavors: r-oldrel-macos-arm64, r-oldrel-macos-x86_64