CRAN Package Check Results for Package tmpm

Last updated on 2025-02-03 21:50:59 CET.

Flavor Version Tinstall Tcheck Ttotal Status Flags
r-devel-linux-x86_64-debian-clang 1.0.3 3.12 26.86 29.98 OK
r-devel-linux-x86_64-debian-gcc 1.0.3 2.09 20.53 22.62 OK
r-devel-linux-x86_64-fedora-clang 1.0.3 49.60 OK
r-devel-linux-x86_64-fedora-gcc 1.0.3 45.13 OK
r-devel-windows-x86_64 1.0.3 4.00 49.00 53.00 OK
r-patched-linux-x86_64 1.0.3 3.27 25.65 28.92 NOTE
r-release-linux-x86_64 1.0.3 2.94 26.07 29.01 NOTE
r-release-macos-arm64 1.0.3 18.00 NOTE
r-release-macos-x86_64 1.0.3 27.00 NOTE
r-release-windows-x86_64 1.0.3 4.00 47.00 51.00 NOTE
r-oldrel-macos-arm64 1.0.3 19.00 NOTE
r-oldrel-macos-x86_64 1.0.3 26.00 NOTE
r-oldrel-windows-x86_64 1.0.3 6.00 51.00 57.00 NOTE

Check Details

Version: 1.0.3
Check: LazyData
Result: NOTE 'LazyData' is specified without a 'data' directory Flavors: r-patched-linux-x86_64, r-release-linux-x86_64, r-release-macos-arm64, r-release-macos-x86_64, r-release-windows-x86_64, r-oldrel-macos-arm64, r-oldrel-macos-x86_64, r-oldrel-windows-x86_64