Last updated on 2025-02-03 07:49:27 CET.
Flavor | Version | Tinstall | Tcheck | Ttotal | Status | Flags |
---|---|---|---|---|---|---|
r-devel-linux-x86_64-debian-clang | 0.1.0 | 11.10 | 90.54 | 101.64 | OK | |
r-devel-linux-x86_64-debian-gcc | 0.1.0 | 8.38 | 67.77 | 76.15 | OK | |
r-devel-linux-x86_64-fedora-clang | 0.1.0 | 165.21 | NOTE | |||
r-devel-linux-x86_64-fedora-gcc | 0.1.0 | 152.49 | OK | |||
r-devel-windows-x86_64 | 0.1.0 | 13.00 | 103.00 | 116.00 | OK | |
r-patched-linux-x86_64 | 0.1.0 | 9.76 | 83.22 | 92.98 | OK | |
r-release-linux-x86_64 | 0.1.0 | 9.51 | 84.12 | 93.63 | OK | |
r-release-macos-arm64 | 0.1.0 | 44.00 | OK | |||
r-release-macos-x86_64 | 0.1.0 | 63.00 | OK | |||
r-release-windows-x86_64 | 0.1.0 | 13.00 | 93.00 | 106.00 | OK | |
r-oldrel-macos-arm64 | 0.1.0 | 49.00 | OK | |||
r-oldrel-macos-x86_64 | 0.1.0 | 78.00 | OK | |||
r-oldrel-windows-x86_64 | 0.1.0 | 15.00 | 119.00 | 134.00 | OK |
Version: 0.1.0
Check: whether startup messages can be suppressed
Result: NOTE
OMP: Warning #96: Cannot form a team with 24 threads, using 2 instead.
OMP: Hint Consider unsetting KMP_DEVICE_THREAD_LIMIT (KMP_ALL_THREADS), KMP_TEAMS_THREAD_LIMIT, and OMP_THREAD_LIMIT (if any are set).
It looks like this package (or a package it requires) has a startup
message which cannot be suppressed: see ?packageStartupMessage.
Flavor: r-devel-linux-x86_64-fedora-clang