Last updated on 2024-06-04 19:48:02 CEST.
Flavor | Version | Tinstall | Tcheck | Ttotal | Status | Flags |
---|---|---|---|---|---|---|
r-devel-linux-x86_64-debian-clang | 0.1.1 | 2.72 | 29.97 | 32.69 | NOTE | |
r-devel-linux-x86_64-debian-gcc | 0.1.1 | 1.72 | 22.86 | 24.58 | NOTE | |
r-devel-linux-x86_64-fedora-clang | 0.1.1 | 41.05 | NOTE | |||
r-devel-linux-x86_64-fedora-gcc | 0.1.1 | 39.80 | NOTE | |||
r-devel-windows-x86_64 | 0.1.1 | 5.00 | 44.00 | 49.00 | NOTE | |
r-patched-linux-x86_64 | 0.1.1 | 2.78 | 28.86 | 31.64 | NOTE | |
r-release-linux-x86_64 | 0.1.1 | 2.55 | 28.98 | 31.53 | NOTE | |
r-release-macos-arm64 | 0.1.1 | 78.00 | NOTE | |||
r-release-windows-x86_64 | 0.1.1 | 3.00 | 105.00 | 108.00 | NOTE | |
r-oldrel-macos-arm64 | 0.1.1 | 19.00 | OK | |||
r-oldrel-macos-x86_64 | 0.1.1 | 29.00 | OK | |||
r-oldrel-windows-x86_64 | 0.1.1 | 4.00 | 47.00 | 51.00 | OK |
Version: 0.1.1
Check: Rd files
Result: NOTE
checkRd: (-1) trans.Rd:46: Lost braces; missing escapes or markup?
46 | "Found {trans("file", .n = n_files)} in {trans("directory", .n = n_dirs)}".
| ^
checkRd: (-1) trans.Rd:46: Lost braces; missing escapes or markup?
46 | "Found {trans("file", .n = n_files)} in {trans("directory", .n = n_dirs)}".
| ^
Flavors: r-devel-linux-x86_64-debian-clang, r-devel-linux-x86_64-debian-gcc, r-devel-linux-x86_64-fedora-clang, r-devel-linux-x86_64-fedora-gcc, r-devel-windows-x86_64, r-patched-linux-x86_64, r-release-linux-x86_64, r-release-macos-arm64, r-release-windows-x86_64