Last updated on 2024-06-04 19:48:03 CEST.
Flavor | Version | Tinstall | Tcheck | Ttotal | Status | Flags |
---|---|---|---|---|---|---|
r-devel-linux-x86_64-debian-clang | 0.0.1 | 2.05 | 31.12 | 33.17 | NOTE | |
r-devel-linux-x86_64-debian-gcc | 0.0.1 | 2.29 | 23.63 | 25.92 | NOTE | |
r-devel-linux-x86_64-fedora-clang | 0.0.1 | 43.67 | NOTE | |||
r-devel-linux-x86_64-fedora-gcc | 0.0.1 | 41.23 | NOTE | |||
r-devel-windows-x86_64 | 0.0.1 | 4.00 | 46.00 | 50.00 | NOTE | |
r-patched-linux-x86_64 | 0.0.1 | 3.29 | 29.81 | 33.10 | NOTE | |
r-release-linux-x86_64 | 0.0.1 | 2.51 | 29.14 | 31.65 | NOTE | |
r-release-macos-arm64 | 0.0.1 | 18.00 | NOTE | |||
r-release-windows-x86_64 | 0.0.1 | 4.00 | 45.00 | 49.00 | NOTE | |
r-oldrel-macos-arm64 | 0.0.1 | 19.00 | NOTE | |||
r-oldrel-macos-x86_64 | 0.0.1 | 24.00 | NOTE | |||
r-oldrel-windows-x86_64 | 0.0.1 | 4.00 | 47.00 | 51.00 | NOTE |
Version: 0.0.1
Check: LazyData
Result: NOTE
'LazyData' is specified without a 'data' directory
Flavors: r-devel-linux-x86_64-debian-clang, r-devel-linux-x86_64-debian-gcc, r-devel-linux-x86_64-fedora-clang, r-devel-linux-x86_64-fedora-gcc, r-devel-windows-x86_64, r-patched-linux-x86_64, r-release-linux-x86_64, r-release-macos-arm64, r-release-windows-x86_64, r-oldrel-macos-arm64, r-oldrel-macos-x86_64, r-oldrel-windows-x86_64