Last updated on 2025-05-10 19:51:12 CEST.
Flavor | Version | Tinstall | Tcheck | Ttotal | Status | Flags |
---|---|---|---|---|---|---|
r-devel-linux-x86_64-debian-clang | 1.5 | 5.56 | 53.41 | 58.97 | NOTE | |
r-devel-linux-x86_64-debian-gcc | 1.5 | 4.54 | 40.32 | 44.86 | NOTE | |
r-devel-linux-x86_64-fedora-clang | 1.5 | 91.37 | OK | |||
r-devel-linux-x86_64-fedora-gcc | 1.5 | 90.74 | OK | |||
r-devel-windows-x86_64 | 1.5 | 8.00 | 64.00 | 72.00 | OK | |
r-patched-linux-x86_64 | 1.5 | 6.67 | 50.85 | 57.52 | OK | |
r-release-linux-x86_64 | 1.5 | 5.67 | 50.14 | 55.81 | OK | |
r-release-macos-arm64 | 1.5 | 32.00 | OK | |||
r-release-macos-x86_64 | 1.5 | 59.00 | OK | |||
r-release-windows-x86_64 | 1.5 | 8.00 | 67.00 | 75.00 | OK | |
r-oldrel-macos-arm64 | 1.5 | 30.00 | NOTE | |||
r-oldrel-macos-x86_64 | 1.5 | 45.00 | NOTE | |||
r-oldrel-windows-x86_64 | 1.5 | 10.00 | 79.00 | 89.00 | NOTE |
Version: 1.5
Check: CRAN incoming feasibility
Result: NOTE
Maintainer: ‘Takeshi Emura <takeshiemura@gmail.com>’
No Authors@R field in DESCRIPTION.
Please add one, modifying
Authors@R: c(person(given = "Takeshi",
family = "Emura",
role = c("aut", "cre"),
email = "takeshiemura@gmail.com"),
person(given = "Wei-Chern",
family = "Hsu",
role = "aut"))
as necessary.
Flavors: r-devel-linux-x86_64-debian-clang, r-devel-linux-x86_64-debian-gcc
Version: 1.5
Check: LazyData
Result: NOTE
'LazyData' is specified without a 'data' directory
Flavors: r-oldrel-macos-arm64, r-oldrel-macos-x86_64, r-oldrel-windows-x86_64