Last updated on 2024-06-04 19:48:03 CEST.
Flavor | Version | Tinstall | Tcheck | Ttotal | Status | Flags |
---|---|---|---|---|---|---|
r-devel-linux-x86_64-debian-clang | 0.2.0 | 8.49 | 62.62 | 71.11 | OK | |
r-devel-linux-x86_64-debian-gcc | 0.2.0 | 8.11 | 46.94 | 55.05 | OK | |
r-devel-linux-x86_64-fedora-clang | 0.2.0 | 100.12 | NOTE | |||
r-devel-linux-x86_64-fedora-gcc | 0.2.0 | 86.61 | NOTE | |||
r-devel-windows-x86_64 | 0.2.0 | 9.00 | 66.00 | 75.00 | OK | |
r-patched-linux-x86_64 | 0.2.0 | 16.41 | 60.03 | 76.44 | OK | |
r-release-linux-x86_64 | 0.2.0 | 6.11 | 60.36 | 66.47 | OK | |
r-release-macos-arm64 | 0.2.0 | 27.00 | OK | |||
r-release-windows-x86_64 | 0.2.0 | 9.00 | 124.00 | 133.00 | OK | |
r-oldrel-macos-arm64 | 0.2.0 | 29.00 | OK | |||
r-oldrel-macos-x86_64 | 0.2.0 | 42.00 | OK | |||
r-oldrel-windows-x86_64 | 0.2.0 | 12.00 | 74.00 | 86.00 | OK |
Version: 0.2.0
Check: data for non-ASCII characters
Result: NOTE
Note: found 3347 marked UTF-8 strings
Flavors: r-devel-linux-x86_64-fedora-clang, r-devel-linux-x86_64-fedora-gcc