Last updated on 2025-05-14 19:53:14 CEST.
Flavor | Version | Tinstall | Tcheck | Ttotal | Status | Flags |
---|---|---|---|---|---|---|
r-devel-linux-x86_64-debian-clang | 1.0.1 | 18.30 | 63.16 | 81.46 | NOTE | |
r-devel-linux-x86_64-debian-gcc | 1.0.1 | 14.60 | 48.89 | 63.49 | NOTE | |
r-devel-linux-x86_64-fedora-clang | 1.0.1 | 144.35 | NOTE | |||
r-devel-linux-x86_64-fedora-gcc | 1.0.1 | 137.26 | NOTE | |||
r-devel-windows-x86_64 | 1.0.1 | 25.00 | 89.00 | 114.00 | NOTE | |
r-patched-linux-x86_64 | 1.0.1 | 20.04 | 59.95 | 79.99 | NOTE | |
r-release-linux-x86_64 | 1.0.1 | 19.07 | 60.15 | 79.22 | NOTE | |
r-release-macos-arm64 | 1.0.1 | 42.00 | NOTE | |||
r-release-macos-x86_64 | 1.0.1 | 78.00 | NOTE | |||
r-release-windows-x86_64 | 1.0.1 | 25.00 | 88.00 | 113.00 | NOTE | |
r-oldrel-macos-arm64 | 1.0.1 | 40.00 | NOTE | |||
r-oldrel-macos-x86_64 | 1.0.1 | 58.00 | NOTE | |||
r-oldrel-windows-x86_64 | 1.0.1 | 28.00 | 112.00 | 140.00 | NOTE |
Version: 1.0.1
Check: package subdirectories
Result: NOTE
Problems with news in ‘NEWS.md’:
No news entries found.
Flavors: r-devel-linux-x86_64-debian-clang, r-devel-linux-x86_64-debian-gcc, r-devel-linux-x86_64-fedora-clang, r-devel-linux-x86_64-fedora-gcc, r-devel-windows-x86_64, r-patched-linux-x86_64, r-release-linux-x86_64, r-release-macos-arm64, r-release-macos-x86_64, r-release-windows-x86_64, r-oldrel-macos-arm64, r-oldrel-macos-x86_64, r-oldrel-windows-x86_64