Last updated on 2025-02-07 08:51:38 CET.
Flavor | Version | Tinstall | Tcheck | Ttotal | Status | Flags |
---|---|---|---|---|---|---|
r-devel-linux-x86_64-debian-clang | 0.5.10 | 4.13 | 40.55 | 44.68 | ERROR | |
r-devel-linux-x86_64-debian-gcc | 0.5.10 | 2.17 | 27.66 | 29.83 | OK | |
r-devel-linux-x86_64-fedora-clang | 0.5.10 | 66.78 | OK | |||
r-devel-linux-x86_64-fedora-gcc | 0.5.10 | 63.63 | OK | |||
r-devel-windows-x86_64 | 0.5.10 | 6.00 | 64.00 | 70.00 | OK | |
r-patched-linux-x86_64 | 0.5.10 | 3.87 | 37.87 | 41.74 | OK | |
r-release-linux-x86_64 | 0.5.10 | 3.84 | 37.66 | 41.50 | OK | |
r-release-macos-arm64 | 0.5.10 | 38.00 | OK | |||
r-release-macos-x86_64 | 0.5.10 | 78.00 | OK | |||
r-release-windows-x86_64 | 0.5.10 | 6.00 | 61.00 | 67.00 | OK | |
r-oldrel-macos-arm64 | 0.5.10 | 42.00 | OK | |||
r-oldrel-macos-x86_64 | 0.5.10 | 62.00 | OK | |||
r-oldrel-windows-x86_64 | 0.5.10 | 7.00 | 66.00 | 73.00 | OK |
Version: 0.5.10
Check: tests
Result: ERROR
Running ‘testthat.R’ [8s/16s]
Running the tests in ‘tests/testthat.R’ failed.
Complete output:
> # This file is part of the standard setup for testthat.
> # It is recommended that you do not modify it.
> #
> # Where should you do additional test configuration?
> # Learn more about the roles of various files in:
> # * https://r-pkgs.org/testing-design.html#sec-tests-files-overview
> # * https://testthat.r-lib.org/articles/special-files.html
>
> library(testthat)
> library(vvconverter)
Attaching package: 'vvconverter'
The following object is masked from 'package:base':
mode
>
> test_check("vvconverter")
[ FAIL 3 | WARN 0 | SKIP 0 | PASS 15 ]
══ Failed tests ════════════════════════════════════════════════════════════════
── Failure ('test-month_name.R:6:3'): month_name function works correctly ──────
as.character(month_name(1, "fr")) (`actual`) not equal to "Janvier" (`expected`).
actual vs expected
- " body{overflow:auto!important;display:block!important;} body>*{display:none!important;} #af-error-page{display:block!important;} document.getElementById('af-error-page').style.display = 'none';Error 500 (Server Error)!!1*{margin:0;padding:0}html,code{font:15px/22px arial,sans-serif}html{background:#fff;color:#222;padding:15px}body{color:#222;text-align:unset;margin:7% auto 0;max-width:390px;min-height:180px;padding:30px 0 15px;}* > body{background:url(//www.google.com/images/errors/robot.png) 100% 5px no-repeat;padding-right:205px}p{margin:11px 0 22px;overflow:hidden}pre{white-space:pre-wrap;}ins{color:#777;text-decoration:none}a img{border:0}@media screen and (max-width:772px){body{background:none;margin-top:0;max-width:none;padding-right:0}}#logo{background:url(//www.google.com/images/branding/googlelogo/1x/googlelogo_color_150x54dp.png) no-repeat;margin-left:-5px}@media only screen and (min-resolution:192dpi){#logo{background:url(//www.google.com/images/branding/googlelogo/2x/googlelogo_color_150x54dp.png) no-repeat 0% 0%/100% 100%;-moz-border-image:url(//www.google.com/images/branding/googlelogo/2x/googlelogo_color_150x54dp.png) 0}}@media only screen and (-webkit-min-device-pixel-ratio:2){#logo{background:url(//www.google.com/images/branding/googlelogo/2x/googlelogo_color_150x54dp.png) no-repeat;-webkit-background-size:100% 100%}}#logo{display:inline-block;height:54px;width:150px}500. That’s an error.There was an error. Please try again later. That’s all we know.(function() {window.ERROR_PAGE = false; function replaceCurrentPageWithErrorPage() {if (!window.ERROR_PAGE) {var errorPage = document.getElementById('af-error-page2'); document.open('text/html'); document.close(); document.body.appendChild(errorPage); window.ERROR_PAGE = true;}}if (document.addEventListener) {document.addEventListener('DOMContentLoaded', replaceCurrentPageWithErrorPage, false); window.addEventListener('load', replaceCurrentPageWithErrorPage, false);} else {document.attachEvent('onreadystatechange', function() {if (document.readyState === 'complete') {replaceCurrentPageWithErrorPage();}}); window.attachEvent('onload', replaceCurrentPageWithErrorPage);}}());"
+ "Janvier"
── Failure ('test-test-yes-no.R:6:3'): translate_yes_no function works correctly ──
tolower(translate_yes_no("nee", source_language = "nl")) (`actual`) not equal to "no" (`expected`).
`actual`:
`expected`: "no"
── Failure ('test-transform-logical-yes-no.R:10:3'): transform_logical_yes_no function returns same result for logical input ──
as.character(transform_logical_yes_no(x, "fr")) (`actual`) not equal to c("Oui", "Non", "Oui") (`expected`).
actual vs expected
"Oui"
- " body{overflow:auto!important;display:block!important;} body>*{display:none!important;} #af-error-page{display:block!important;} document.getElementById('af-error-page').style.display = 'none';Error 500 (Server Error)!!1*{margin:0;padding:0}html,code{font:15px/22px arial,sans-serif}html{background:#fff;color:#222;padding:15px}body{color:#222;text-align:unset;margin:7% auto 0;max-width:390px;min-height:180px;padding:30px 0 15px;}* > body{background:url(//www.google.com/images/errors/robot.png) 100% 5px no-repeat;padding-right:205px}p{margin:11px 0 22px;overflow:hidden}pre{white-space:pre-wrap;}ins{color:#777;text-decoration:none}a img{border:0}@media screen and (max-width:772px){body{background:none;margin-top:0;max-width:none;padding-right:0}}#logo{background:url(//www.google.com/images/branding/googlelogo/1x/googlelogo_color_150x54dp.png) no-repeat;margin-left:-5px}@media only screen and (min-resolution:192dpi){#logo{background:url(//www.google.com/images/branding/googlelogo/2x/googlelogo_color_150x54dp.png) no-repeat 0% 0%/100% 100%;-moz-border-image:url(//www.google.com/images/branding/googlelogo/2x/googlelogo_color_150x54dp.png) 0}}@media only screen and (-webkit-min-device-pixel-ratio:2){#logo{background:url(//www.google.com/images/branding/googlelogo/2x/googlelogo_color_150x54dp.png) no-repeat;-webkit-background-size:100% 100%}}#logo{display:inline-block;height:54px;width:150px}500. That’s an error.There was an error. Please try again later. That’s all we know.(function() {window.ERROR_PAGE = false; function replaceCurrentPageWithErrorPage() {if (!window.ERROR_PAGE) {var errorPage = document.getElementById('af-error-page2'); document.open('text/html'); document.close(); document.body.appendChild(errorPage); window.ERROR_PAGE = true;}}if (document.addEventListener) {document.addEventListener('DOMContentLoaded', replaceCurrentPageWithErrorPage, false); window.addEventListener('load', replaceCurrentPageWithErrorPage, false);} else {document.attachEvent('onreadystatechange', function() {if (document.readyState === 'complete') {replaceCurrentPageWithErrorPage();}}); window.attachEvent('onload', replaceCurrentPageWithErrorPage);}}());"
+ "Non"
- " body{overflow:auto!important;display:block!important;} body>*{display:none!important;} #af-error-page{display:block!important;} document.getElementById('af-error-page').style.display = 'none';Error 500 (Server Error)!!1*{margin:0;padding:0}html,code{font:15px/22px arial,sans-serif}html{background:#fff;color:#222;padding:15px}body{color:#222;text-align:unset;margin:7% auto 0;max-width:390px;min-height:180px;padding:30px 0 15px;}* > body{background:url(//www.google.com/images/errors/robot.png) 100% 5px no-repeat;padding-right:205px}p{margin:11px 0 22px;overflow:hidden}pre{white-space:pre-wrap;}ins{color:#777;text-decoration:none}a img{border:0}@media screen and (max-width:772px){body{background:none;margin-top:0;max-width:none;padding-right:0}}#logo{background:url(//www.google.com/images/branding/googlelogo/1x/googlelogo_color_150x54dp.png) no-repeat;margin-left:-5px}@media only screen and (min-resolution:192dpi){#logo{background:url(//www.google.com/images/branding/googlelogo/2x/googlelogo_color_150x54dp.png) no-repeat 0% 0%/100% 100%;-moz-border-image:url(//www.google.com/images/branding/googlelogo/2x/googlelogo_color_150x54dp.png) 0}}@media only screen and (-webkit-min-device-pixel-ratio:2){#logo{background:url(//www.google.com/images/branding/googlelogo/2x/googlelogo_color_150x54dp.png) no-repeat;-webkit-background-size:100% 100%}}#logo{display:inline-block;height:54px;width:150px}500. That’s an error.There was an error. Please try again later. That’s all we know.(function() {window.ERROR_PAGE = false; function replaceCurrentPageWithErrorPage() {if (!window.ERROR_PAGE) {var errorPage = document.getElementById('af-error-page2'); document.open('text/html'); document.close(); document.body.appendChild(errorPage); window.ERROR_PAGE = true;}}if (document.addEventListener) {document.addEventListener('DOMContentLoaded', replaceCurrentPageWithErrorPage, false); window.addEventListener('load', replaceCurrentPageWithErrorPage, false);} else {document.attachEvent('onreadystatechange', function() {if (document.readyState === 'complete') {replaceCurrentPageWithErrorPage();}}); window.attachEvent('onload', replaceCurrentPageWithErrorPage);}}());"
+ "Oui"
[ FAIL 3 | WARN 0 | SKIP 0 | PASS 15 ]
Error: Test failures
Execution halted
Flavor: r-devel-linux-x86_64-debian-clang