Last updated on 2025-02-16 20:50:54 CET.
Flavor | Version | Tinstall | Tcheck | Ttotal | Status | Flags |
---|---|---|---|---|---|---|
r-devel-linux-x86_64-debian-clang | 1.0.10 | 516.48 | 234.71 | 751.19 | OK | |
r-devel-linux-x86_64-debian-gcc | 1.0.10 | 508.39 | 203.91 | 712.30 | OK | |
r-devel-linux-x86_64-fedora-clang | 1.0.10 | 1180.59 | OK | |||
r-devel-linux-x86_64-fedora-gcc | 1.0.10 | 1601.25 | OK | |||
r-devel-macos-arm64 | 1.0.10 | 306.00 | OK | |||
r-devel-macos-x86_64 | 1.0.10 | 373.00 | OK | |||
r-devel-windows-x86_64 | 1.0.10 | 491.00 | 278.00 | 769.00 | OK | |
r-patched-linux-x86_64 | 1.0.10 | 628.83 | 279.60 | 908.43 | OK | |
r-release-linux-x86_64 | 1.0.10 | 599.73 | 279.35 | 879.08 | OK | |
r-release-macos-arm64 | 1.0.10 | 167.00 | NOTE | |||
r-release-macos-x86_64 | 1.0.10 | 190.00 | NOTE | |||
r-release-windows-x86_64 | 1.0.10 | 488.00 | 288.00 | 776.00 | NOTE | |
r-oldrel-macos-arm64 | 1.0.10 | 421.00 | NOTE | |||
r-oldrel-macos-x86_64 | 1.0.10 | 459.00 | NOTE | |||
r-oldrel-windows-x86_64 | 1.0.10 | 688.00 | 332.00 | 1020.00 | NOTE |
Version: 1.0.10
Check: installed package size
Result: NOTE
installed size is 115.6Mb
sub-directories of 1Mb or more:
libs 114.2Mb
Flavors: r-release-macos-arm64, r-release-macos-x86_64, r-release-windows-x86_64, r-oldrel-macos-arm64, r-oldrel-macos-x86_64, r-oldrel-windows-x86_64
Version: 1.0.10
Check: for GNU extensions in Makefiles
Result: NOTE
GNU make is a SystemRequirements.
Flavors: r-release-macos-arm64, r-release-macos-x86_64, r-oldrel-macos-arm64, r-oldrel-macos-x86_64