Last updated on 2025-05-14 08:52:17 CEST.
Flavor | Version | Tinstall | Tcheck | Ttotal | Status | Flags |
---|---|---|---|---|---|---|
r-devel-linux-x86_64-debian-clang | 1.1.0 | 1.91 | 165.13 | 167.04 | NOTE | |
r-devel-linux-x86_64-debian-gcc | 1.1.0 | 1.42 | 100.19 | 101.61 | NOTE | |
r-devel-linux-x86_64-fedora-clang | 1.1.0 | 277.44 | OK | |||
r-devel-linux-x86_64-fedora-gcc | 1.1.0 | 276.97 | OK | |||
r-devel-windows-x86_64 | 1.1.0 | 3.00 | 191.00 | 194.00 | OK | |
r-patched-linux-x86_64 | 1.1.0 | 2.02 | 159.36 | 161.38 | OK | |
r-release-linux-x86_64 | 1.1.0 | 1.80 | 158.00 | 159.80 | OK | |
r-release-macos-arm64 | 1.1.0 | 78.00 | OK | |||
r-release-macos-x86_64 | 1.1.0 | 167.00 | OK | |||
r-release-windows-x86_64 | 1.1.0 | 3.00 | 194.00 | 197.00 | OK | |
r-oldrel-macos-arm64 | 1.1.0 | 63.00 | NOTE | |||
r-oldrel-macos-x86_64 | 1.1.0 | 119.00 | NOTE | |||
r-oldrel-windows-x86_64 | 1.1.0 | 4.00 | 241.00 | 245.00 | NOTE |
Version: 1.1.0
Check: CRAN incoming feasibility
Result: NOTE
Maintainer: ‘Pablo Rodríguez-Sánchez <pablo.rodriguez.sanchez@gmail.com>’
No Authors@R field in DESCRIPTION.
Please add one, modifying
Authors@R: person(given = "Pablo",
family = "Rodríguez-Sánchez",
role = c("aut", "cre"),
email = "pablo.rodriguez.sanchez@gmail.com")
as necessary.
Flavors: r-devel-linux-x86_64-debian-clang, r-devel-linux-x86_64-debian-gcc
Version: 1.1.0
Check: LazyData
Result: NOTE
'LazyData' is specified without a 'data' directory
Flavors: r-oldrel-macos-arm64, r-oldrel-macos-x86_64, r-oldrel-windows-x86_64