Last updated on 2025-05-10 08:50:55 CEST.
Flavor | Version | Tinstall | Tcheck | Ttotal | Status | Flags |
---|---|---|---|---|---|---|
r-devel-linux-x86_64-debian-clang | 1.4-4 | 16.41 | 58.29 | 74.70 | OK | |
r-devel-linux-x86_64-debian-gcc | 1.4-4 | 12.58 | 42.09 | 54.67 | OK | |
r-devel-linux-x86_64-fedora-clang | 1.4-4 | 115.65 | OK | |||
r-devel-linux-x86_64-fedora-gcc | 1.4-4 | 126.79 | OK | |||
r-devel-windows-x86_64 | 1.4-4 | 18.00 | 103.00 | 121.00 | OK | |
r-patched-linux-x86_64 | 1.4-4 | 19.25 | 55.09 | 74.34 | OK | |
r-release-linux-x86_64 | 1.4-4 | 15.73 | 55.10 | 70.83 | OK | |
r-release-macos-arm64 | 1.4-4 | 51.00 | OK | |||
r-release-macos-x86_64 | 1.4-4 | 88.00 | OK | |||
r-release-windows-x86_64 | 1.4-4 | 20.00 | 103.00 | 123.00 | OK | |
r-oldrel-macos-arm64 | 1.4-4 | 47.00 | NOTE | |||
r-oldrel-macos-x86_64 | 1.4-4 | 102.00 | NOTE | |||
r-oldrel-windows-x86_64 | 1.4-4 | 19.00 | 114.00 | 133.00 | OK |
Version: 1.4-4
Check: installed package size
Result: NOTE
installed size is 5.2Mb
sub-directories of 1Mb or more:
data 4.5Mb
Flavors: r-oldrel-macos-arm64, r-oldrel-macos-x86_64