Last updated on 2025-02-03 21:51:01 CET.
Flavor | Version | Tinstall | Tcheck | Ttotal | Status | Flags |
---|---|---|---|---|---|---|
r-devel-linux-x86_64-debian-clang | 0.6.1 | 3.66 | 25.78 | 29.44 | OK | |
r-devel-linux-x86_64-debian-gcc | 0.6.1 | 2.63 | 18.90 | 21.53 | OK | |
r-devel-linux-x86_64-fedora-clang | 0.6.1 | 45.86 | OK | |||
r-devel-linux-x86_64-fedora-gcc | 0.6.1 | 43.17 | OK | |||
r-devel-windows-x86_64 | 0.6.1 | 6.00 | 46.00 | 52.00 | OK | |
r-patched-linux-x86_64 | 0.6.1 | 3.18 | 24.34 | 27.52 | OK | |
r-release-linux-x86_64 | 0.6.1 | 3.04 | 24.58 | 27.62 | OK | |
r-release-macos-arm64 | 0.6.1 | 24.00 | NOTE | |||
r-release-macos-x86_64 | 0.6.1 | 27.00 | NOTE | |||
r-release-windows-x86_64 | 0.6.1 | 5.00 | 43.00 | 48.00 | NOTE | |
r-oldrel-macos-arm64 | 0.6.1 | 19.00 | NOTE | |||
r-oldrel-macos-x86_64 | 0.6.1 | 29.00 | NOTE | |||
r-oldrel-windows-x86_64 | 0.6.1 | 5.00 | 45.00 | 50.00 | NOTE |
Version: 0.6.1
Check: installed package size
Result: NOTE
installed size is 10.8Mb
sub-directories of 1Mb or more:
java 10.7Mb
Flavors: r-release-macos-arm64, r-release-macos-x86_64, r-release-windows-x86_64, r-oldrel-macos-arm64, r-oldrel-macos-x86_64, r-oldrel-windows-x86_64