Last updated on 2024-06-04 19:48:04 CEST.
Flavor | Version | Tinstall | Tcheck | Ttotal | Status | Flags |
---|---|---|---|---|---|---|
r-devel-linux-x86_64-debian-clang | 1.2.1 | 15.40 | 158.00 | 173.40 | NOTE | |
r-devel-linux-x86_64-debian-gcc | 1.2.1 | 13.16 | 112.95 | 126.11 | NOTE | |
r-devel-linux-x86_64-fedora-clang | 1.2.1 | 219.54 | NOTE | |||
r-devel-linux-x86_64-fedora-gcc | 1.2.1 | 230.07 | NOTE | |||
r-devel-windows-x86_64 | 1.2.1 | 15.00 | 137.00 | 152.00 | NOTE | |
r-patched-linux-x86_64 | 1.2.1 | 21.69 | 152.99 | 174.68 | NOTE | |
r-release-linux-x86_64 | 1.2.1 | 14.48 | 148.59 | 163.07 | NOTE | |
r-release-macos-arm64 | 1.2.1 | 55.00 | NOTE | |||
r-release-windows-x86_64 | 1.2.1 | 14.00 | 136.00 | 150.00 | NOTE | |
r-oldrel-macos-arm64 | 1.2.1 | 63.00 | OK | |||
r-oldrel-macos-x86_64 | 1.2.1 | 105.00 | OK | |||
r-oldrel-windows-x86_64 | 1.2.1 | 18.00 | 163.00 | 181.00 | OK |
Version: 1.2.1
Check: Rd files
Result: NOTE
checkRd: (-1) glm.cons.Rd:54: Lost braces; missing escapes or markup?
54 | \item{method}{the method used in fitting the model. The default method "\code{glm.fit.cons}" uses function {nnnpls} from package nnls instead of \code{lm.fit} to impose the sign of the coefficients. As in \code{glm}, the alternative method "\code{model.frame}" returns the model frame and does no fitting.}
| ^
Flavors: r-devel-linux-x86_64-debian-clang, r-devel-linux-x86_64-debian-gcc, r-devel-linux-x86_64-fedora-clang, r-devel-linux-x86_64-fedora-gcc, r-devel-windows-x86_64, r-patched-linux-x86_64, r-release-linux-x86_64, r-release-macos-arm64, r-release-windows-x86_64