Last updated on 2025-02-07 08:51:04 CET.
Flavor | Version | Tinstall | Tcheck | Ttotal | Status | Flags |
---|---|---|---|---|---|---|
r-devel-linux-x86_64-debian-clang | 2.0 | 3.55 | 28.17 | 31.72 | OK | |
r-devel-linux-x86_64-debian-gcc | 2.0 | 2.56 | 21.66 | 24.22 | OK | |
r-devel-linux-x86_64-fedora-clang | 2.0 | 52.19 | OK | |||
r-devel-linux-x86_64-fedora-gcc | 2.0 | 48.46 | OK | |||
r-devel-windows-x86_64 | 2.0 | 7.00 | 68.00 | 75.00 | OK | |
r-patched-linux-x86_64 | 2.0 | 3.71 | 26.75 | 30.46 | NOTE | |
r-release-linux-x86_64 | 2.0 | 3.67 | 27.11 | 30.78 | NOTE | |
r-release-macos-arm64 | 2.0 | 21.00 | NOTE | |||
r-release-macos-x86_64 | 2.0 | 35.00 | NOTE | |||
r-release-windows-x86_64 | 2.0 | 6.00 | 50.00 | 56.00 | OK | |
r-oldrel-macos-arm64 | 2.0 | 22.00 | NOTE | |||
r-oldrel-macos-x86_64 | 2.0 | 34.00 | NOTE | |||
r-oldrel-windows-x86_64 | 2.0 | 8.00 | 61.00 | 69.00 | NOTE |
Version: 2.0
Check: package dependencies
Result: NOTE
Package suggested but not available for checking: ‘INLA’
Flavors: r-patched-linux-x86_64, r-release-linux-x86_64, r-release-macos-arm64, r-release-macos-x86_64, r-oldrel-macos-arm64, r-oldrel-macos-x86_64, r-oldrel-windows-x86_64